{"id":35216,"date":"2025-04-17T02:55:44","date_gmt":"2025-04-17T02:55:44","guid":{"rendered":"https:\/\/silver-louse-480719.hostingersite.com\/tienda\/?post_type=product&#038;p=35216"},"modified":"2025-04-17T03:01:10","modified_gmt":"2025-04-17T03:01:10","slug":"tanque-de-hidroterapia-1114t-upper-extremity-whirlpool","status":"publish","type":"product","link":"https:\/\/www.zannasalud.com\/tienda\/producto\/tanque-de-hidroterapia-1114t-upper-extremity-whirlpool\/","title":{"rendered":"TANQUE DE HIDROTERAPIA &#8211; UPPER EXTREMITY WHIRLPOOL"},"content":{"rendered":"<p>Whirlpool 1114 est\u00e1 dise\u00f1ado para el masaje de manos, antebrazos y codos. Los jets con direcci\u00f3n ajustable del flujo de agua permiten realizar un tratamiento completo de las extremidades superiores. El masaje de perlas mejora la funcionalidad de la ba\u00f1era y opciones adicionales permiten personalizar el ba\u00f1o seg\u00fan sus requisitos.<br \/>\nEl dise\u00f1o facilita el acceso para pacientes en silla de ruedas.<br \/>\nVolumen: 20 l<br \/>\nLongitud: 770 mm<br \/>\nAncho: 790 mm<br \/>\nAltura: 930 mm<\/p>\n<p>Caracter\u00edsticas t\u00e9cnicas:<br \/>\n\u2022 Dimensiones peque\u00f1as<br \/>\n\u2022 Sistema de drenaje semi-autom\u00e1tico<br \/>\n\u2022 Altura ajustable<br \/>\n\u2022 Sistema de jets con direcci\u00f3n ajustable del chorro de agua<\/p>\n<p>1114 T<br \/>\n? 4 jets para masaje submarino<br \/>\n? Ducha manual<br \/>\n? Aireaci\u00f3n regulada por v\u00e1lvula para masaje de perlas pasivo<br \/>\n? Sistema de llenado con term\u00f3metro electr\u00f3nico<br \/>\n? Panel de control t\u00e1ctil<br \/>\n? Apagado autom\u00e1tico despu\u00e9s del tiempo de tratamiento<br \/>\n? Protecci\u00f3n de la bomba contra \u00abtrabajo en seco\u00bb<br \/>\n(opci\u00f3n) Sistema de desinfecci\u00f3n qu\u00edmica<br \/>\n(opci\u00f3n) V\u00e1lvula termost\u00e1tica<br \/>\n? Silla de whirlpool<br \/>\n? L\u00edquido limpiador (1 l)<\/p>\n","protected":false},"excerpt":{"rendered":"<p>Dise\u00f1o ergon\u00f3mico: Ba\u00f1era Whirlpool 1114 T para bienestar integral.<\/p>\n","protected":false},"featured_media":0,"template":"","meta":{"_acf_changed":false,"content-type":""},"product_brand":[],"product_cat":[13255,13299,13301,13252,13300],"product_tag":[14104,14109,14111,14108,14110,14105,14106,14107,11803,14103],"class_list":{"0":"post-35216","1":"product","2":"type-product","3":"status-publish","5":"product_cat-marca","6":"product_cat-hydroterapia","7":"product_cat-technomex","8":"product_cat-modalidades","9":"product_cat-tanques-y-baneras","10":"product_tag-01-501-011-technomex","11":"product_tag-banera-de-hidromasaje-para-manos-y-brazos","12":"product_tag-banera-para-extremidades-superiores","13":"product_tag-banera-whirlpool-1114-t","14":"product_tag-diseno-accesible-para-silla-de-ruedas","15":"product_tag-tanque-1114-t","16":"product_tag-tanque-extremidades-superiores","17":"product_tag-tanque-technomex","18":"product_tag-technomex","19":"product_tag-za01-501-011","21":"first","22":"instock","23":"taxable","24":"shipping-taxable","25":"purchasable","26":"product-type-variable"},"acf":[],"_links":{"self":[{"href":"https:\/\/www.zannasalud.com\/tienda\/wp-json\/wp\/v2\/product\/35216","targetHints":{"allow":["GET"]}}],"collection":[{"href":"https:\/\/www.zannasalud.com\/tienda\/wp-json\/wp\/v2\/product"}],"about":[{"href":"https:\/\/www.zannasalud.com\/tienda\/wp-json\/wp\/v2\/types\/product"}],"wp:attachment":[{"href":"https:\/\/www.zannasalud.com\/tienda\/wp-json\/wp\/v2\/media?parent=35216"}],"wp:term":[{"taxonomy":"product_brand","embeddable":true,"href":"https:\/\/www.zannasalud.com\/tienda\/wp-json\/wp\/v2\/product_brand?post=35216"},{"taxonomy":"product_cat","embeddable":true,"href":"https:\/\/www.zannasalud.com\/tienda\/wp-json\/wp\/v2\/product_cat?post=35216"},{"taxonomy":"product_tag","embeddable":true,"href":"https:\/\/www.zannasalud.com\/tienda\/wp-json\/wp\/v2\/product_tag?post=35216"}],"curies":[{"name":"wp","href":"https:\/\/api.w.org\/{rel}","templated":true}]}}