{"id":35210,"date":"2025-04-17T02:20:02","date_gmt":"2025-04-17T02:20:02","guid":{"rendered":"https:\/\/silver-louse-480719.hostingersite.com\/tienda\/?post_type=product&#038;p=35210"},"modified":"2025-04-17T02:31:07","modified_gmt":"2025-04-17T02:31:07","slug":"tanque-de-hidroterapia-four-cell-bath-electrotherapy-treatment-tasman","status":"publish","type":"product","link":"https:\/\/www.zannasalud.com\/tienda\/producto\/tanque-de-hidroterapia-four-cell-bath-electrotherapy-treatment-tasman\/","title":{"rendered":"TANQUE DE HIDROTERAPIA FOUR CELL BATH -ELECTROTHERAPY TREATMENT. TASMAN"},"content":{"rendered":"<p>TASMAN EN-TS &#8211; combinaci\u00f3n de los 2 tratamientos mencionados anteriormente (electroterapia en agua y tratamientos de temperatura alternante). Todos los tratamientos pueden realizarse de manera independiente o combinada en cada c\u00e1mara.<\/p>\n<p>Volumen: 40 litros<br \/>\nLongitud: 1240 mm<br \/>\nAncho: 1050 mm<br \/>\nAltura: 1000 mm<\/p>\n<p>Caracter\u00edsticas t\u00e9cnicas:<br \/>\n\u2022 Ducha de mano<br \/>\n\u2022 V\u00e1lvula termost\u00e1tica<br \/>\n\u2022 Panel de control t\u00e1ctil<br \/>\n\u2022 Dise\u00f1o ergon\u00f3mico y moderno<br \/>\n\u2022 Capacidad de la c\u00e1mara inferior: 25 litros, superior: 15 litros<\/p>\n<p>? Ducha de mano<br \/>\n? Panel de control t\u00e1ctil<br \/>\n? 8 electrodos de acero inoxidable V4A con polaridad independiente<br \/>\n? V\u00e1lvula termost\u00e1tica<br \/>\n? Apagado autom\u00e1tico despu\u00e9s del tiempo de tratamiento<br \/>\n? Tomas de corriente para drenaje y desbordamiento<br \/>\n? Cubiertas de celda para ba\u00f1o alterno<br \/>\n? Silla de hidromasaje BETA<br \/>\n? L\u00edquido limpiador (11)<\/p>\n","protected":false},"excerpt":{"rendered":"<p>Equipo de ba\u00f1o terap\u00e9utico con tecnolog\u00eda de electrodos V4A.<\/p>\n","protected":false},"featured_media":0,"template":"","meta":{"_acf_changed":false,"content-type":""},"product_brand":[],"product_cat":[13301,13299,13252,13300],"product_tag":[14074,14071,14072,14073,14075,14076,14078,14077,11803],"class_list":{"0":"post-35210","1":"product","2":"type-product","3":"status-publish","5":"product_cat-technomex","6":"product_cat-hydroterapia","7":"product_cat-modalidades","8":"product_cat-tanques-y-baneras","9":"product_tag-banera-con-valvula-termostatica","10":"product_tag-banera-de-tratamiento-tasman","11":"product_tag-banera-de-tratamiento-tasman-en-ts","12":"product_tag-bano-con-sistema-de-electrodos","13":"product_tag-equipamiento-de-electroterapia","14":"product_tag-tasman","15":"product_tag-tasman-en-ts","16":"product_tag-tasman-technomex","17":"product_tag-technomex","19":"first","20":"instock","21":"taxable","22":"shipping-taxable","23":"purchasable","24":"product-type-variable"},"acf":[],"_links":{"self":[{"href":"https:\/\/www.zannasalud.com\/tienda\/wp-json\/wp\/v2\/product\/35210","targetHints":{"allow":["GET"]}}],"collection":[{"href":"https:\/\/www.zannasalud.com\/tienda\/wp-json\/wp\/v2\/product"}],"about":[{"href":"https:\/\/www.zannasalud.com\/tienda\/wp-json\/wp\/v2\/types\/product"}],"wp:attachment":[{"href":"https:\/\/www.zannasalud.com\/tienda\/wp-json\/wp\/v2\/media?parent=35210"}],"wp:term":[{"taxonomy":"product_brand","embeddable":true,"href":"https:\/\/www.zannasalud.com\/tienda\/wp-json\/wp\/v2\/product_brand?post=35210"},{"taxonomy":"product_cat","embeddable":true,"href":"https:\/\/www.zannasalud.com\/tienda\/wp-json\/wp\/v2\/product_cat?post=35210"},{"taxonomy":"product_tag","embeddable":true,"href":"https:\/\/www.zannasalud.com\/tienda\/wp-json\/wp\/v2\/product_tag?post=35210"}],"curies":[{"name":"wp","href":"https:\/\/api.w.org\/{rel}","templated":true}]}}