{"id":34973,"date":"2025-04-05T19:27:23","date_gmt":"2025-04-05T19:27:23","guid":{"rendered":""},"modified":"2025-04-16T03:56:12","modified_gmt":"2025-04-16T03:56:12","slug":"terapia-combinada-mettler-sonicator-plus-941-de-4-canales","status":"publish","type":"product","link":"https:\/\/www.zannasalud.com\/tienda\/producto\/terapia-combinada-mettler-sonicator-plus-941-de-4-canales\/","title":{"rendered":"TERAPIA COMBINADA METTLER SONICATOR PLUS 941  DE 4 CANALES"},"content":{"rendered":"<p>El Sonicator\u00ae Plus 941 es un estimulador combinado de 4 canales con ultrasonidos. Cuenta con una pantalla t\u00e1ctil de colores vivos para configuraciones de tratamiento r\u00e1pidas y f\u00e1ciles. El 941 ofrece 6 formas de onda \u00fanicas; Interferencial (IF-4), Premodulado (IF-2), EMS, Ruso, TENS y Alta Tensi\u00f3n (AT). La interfaz de software f\u00e1cil de usar permite una configuraci\u00f3n r\u00e1pida, precisi\u00f3n y exactitud cl\u00ednica. El Sonicator Plus 941 ofrece una biblioteca anat\u00f3mica con recomendaciones de colocaci\u00f3n y tratamiento de electrodos. Todas las recomendaciones de tratamiento son escritas por m\u00e9dicos. Hay espacio para que el m\u00e9dico almacene y utilice protocolos de tratamiento espec\u00edficos junto con una descripci\u00f3n de cada uno. Este es un tremendo dispositivo de combinaci\u00f3n para cualquier pr\u00e1ctica. Con 6 formas de onda cl\u00ednicas y ultrasonidos de frecuencia de 1 y 3 MHz, el 941 es una de las unidades m\u00e1s avanzadas del mercado.<\/p>\n","protected":false},"excerpt":{"rendered":"<p>Estimulador combinado con 4 canales, pantalla t\u00e1ctil intuitiva y ultrasonidos.<\/p>\n","protected":false},"featured_media":0,"template":"","meta":{"_acf_changed":false,"content-type":""},"product_brand":[],"product_cat":[13256],"product_tag":[11670],"class_list":{"0":"post-34973","1":"product","2":"type-product","3":"status-publish","5":"product_cat-mettler-electronics","6":"product_tag-mettler-electronics","8":"first","9":"instock","10":"taxable","11":"shipping-taxable","12":"purchasable","13":"product-type-variable"},"acf":[],"_links":{"self":[{"href":"https:\/\/www.zannasalud.com\/tienda\/wp-json\/wp\/v2\/product\/34973","targetHints":{"allow":["GET"]}}],"collection":[{"href":"https:\/\/www.zannasalud.com\/tienda\/wp-json\/wp\/v2\/product"}],"about":[{"href":"https:\/\/www.zannasalud.com\/tienda\/wp-json\/wp\/v2\/types\/product"}],"wp:attachment":[{"href":"https:\/\/www.zannasalud.com\/tienda\/wp-json\/wp\/v2\/media?parent=34973"}],"wp:term":[{"taxonomy":"product_brand","embeddable":true,"href":"https:\/\/www.zannasalud.com\/tienda\/wp-json\/wp\/v2\/product_brand?post=34973"},{"taxonomy":"product_cat","embeddable":true,"href":"https:\/\/www.zannasalud.com\/tienda\/wp-json\/wp\/v2\/product_cat?post=34973"},{"taxonomy":"product_tag","embeddable":true,"href":"https:\/\/www.zannasalud.com\/tienda\/wp-json\/wp\/v2\/product_tag?post=34973"}],"curies":[{"name":"wp","href":"https:\/\/api.w.org\/{rel}","templated":true}]}}