{"id":34784,"date":"2025-04-04T13:38:14","date_gmt":"2025-04-04T13:38:14","guid":{"rendered":"https:\/\/silver-louse-480719.hostingersite.com\/tienda\/?post_type=product&p=34784"},"modified":"2025-04-04T14:31:24","modified_gmt":"2025-04-04T14:31:24","slug":"anguli-rincon-sensorial-interactivo","status":"publish","type":"product","link":"https:\/\/www.zannasalud.com\/tienda\/producto\/anguli-rincon-sensorial-interactivo\/","title":{"rendered":"ANGULI &#8211; RINC\u00d3N SENSORIAL INTERACTIVO"},"content":{"rendered":"<p>El lugar perfecto para comenzar tu viaje sensorial.<\/p>\n<p>Completo con elegantes plintos de varios niveles para sentarse y disfrutar de los efectos relajantes del tubo de burbujas, las fibras \u00f3pticas, las im\u00e1genes que giran lentamente y la m\u00fasica de tu elecci\u00f3n, Anguli est\u00e1 dise\u00f1ado para ayudar a la relajaci\u00f3n, as\u00ed como para desarrollar habilidades como la comprensi\u00f3n de causa y efecto y la interacci\u00f3n social.<\/p>\n","protected":false},"excerpt":{"rendered":"<p>CUARTO MULTISENSORIAL ANGULI<\/p>\n","protected":false},"featured_media":0,"template":"","meta":{"_acf_changed":false,"content-type":""},"product_brand":[],"product_cat":[13716],"product_tag":[],"class_list":{"0":"post-34784","1":"product","2":"type-product","3":"status-publish","5":"product_cat-sin-categorizar","7":"first","8":"instock","9":"taxable","10":"shipping-taxable","11":"purchasable","12":"product-type-simple"},"acf":[],"_links":{"self":[{"href":"https:\/\/www.zannasalud.com\/tienda\/wp-json\/wp\/v2\/product\/34784","targetHints":{"allow":["GET"]}}],"collection":[{"href":"https:\/\/www.zannasalud.com\/tienda\/wp-json\/wp\/v2\/product"}],"about":[{"href":"https:\/\/www.zannasalud.com\/tienda\/wp-json\/wp\/v2\/types\/product"}],"wp:attachment":[{"href":"https:\/\/www.zannasalud.com\/tienda\/wp-json\/wp\/v2\/media?parent=34784"}],"wp:term":[{"taxonomy":"product_brand","embeddable":true,"href":"https:\/\/www.zannasalud.com\/tienda\/wp-json\/wp\/v2\/product_brand?post=34784"},{"taxonomy":"product_cat","embeddable":true,"href":"https:\/\/www.zannasalud.com\/tienda\/wp-json\/wp\/v2\/product_cat?post=34784"},{"taxonomy":"product_tag","embeddable":true,"href":"https:\/\/www.zannasalud.com\/tienda\/wp-json\/wp\/v2\/product_tag?post=34784"}],"curies":[{"name":"wp","href":"https:\/\/api.w.org\/{rel}","templated":true}]}}