{"id":34773,"date":"2025-04-04T13:37:56","date_gmt":"2025-04-04T13:37:56","guid":{"rendered":"https:\/\/silver-louse-480719.hostingersite.com\/tienda\/?post_type=product&p=34773"},"modified":"2025-04-04T14:31:21","modified_gmt":"2025-04-04T14:31:21","slug":"dispositivo-para-el-tratamiento-de-enfermedades-de-la-columna-gavispine","status":"publish","type":"product","link":"https:\/\/www.zannasalud.com\/tienda\/producto\/dispositivo-para-el-tratamiento-de-enfermedades-de-la-columna-gavispine\/","title":{"rendered":"DISPOSITIVO PARA EL TRATAMIENTO DE ENFERMEDADES DE LA COLUMNA GAVISPINE"},"content":{"rendered":"<p>GraviSpine es un dispositivo que permite llevar a cabo un tratamiento innovador para la escoliosis en ni\u00f1os y adolescentes. Tambi\u00e9n puede ser utilizado por pacientes adultos con escoliosis para mejorar la calidad de vida, as\u00ed como para el tratamiento de s\u00edndromes de dolor de espalda en adultos.<br \/>\nEl dispositivo GraviSpine es un elemento clave en el cuidado integral de un ni\u00f1o con riesgo de escoliosis seg\u00fan el m\u00e9todo de Equilibrio del Reflejo Espinal desarrollado por el Dr. Marek Kluszczynski, MD, PhD.<\/p>\n<p>\u00bfQu\u00e9 hace eficiente al GraviSpine?<br \/>\n? La descompresi\u00f3n de las articulaciones espinales facilita la correcci\u00f3n lateral y la desrotaci\u00f3n de la curvatura de la columna vertebral. Esto crea condiciones favorables para la correcci\u00f3n de la escoliosis sin utilizar alta presi\u00f3n.<br \/>\n? La posici\u00f3n de dec\u00fabito del paciente y el uso de contrapartidas laterales (cadera y hombro) con estabilizaci\u00f3n del tronco resulta en una correcci\u00f3n precisa tridimensional de la columna vertebral, manteniendo la estabilizaci\u00f3n de la conexi\u00f3n pelvis-columna.<br \/>\n? Debido a la posici\u00f3n horizontal y la estabilizaci\u00f3n en dos planos de la pelvis (en el plano transversal y sagital), as\u00ed como en el plano frontal (a trav\u00e9s del levantamiento de las extremidades inferiores), la columna vertebral no se descompensa en las secciones por encima y por debajo de la curvatura.<br \/>\n? El cambio automatizado del \u00e1ngulo de inclinaci\u00f3n de la mesa permite el alivio antigravitacional de la columna en cualquier intervalo de cambio de \u00e1ngulo.                                                                                                               Datos t\u00e9cnicos:<br \/>\nDimensiones (L x An) [mm]: 2300 x 700<br \/>\nRango de ajuste de la altura de la cama [\u00b0]: 0 &#8211; 45<br \/>\nPeso m\u00e1ximo del paciente [kg]: 120<\/p>\n","protected":false},"excerpt":{"rendered":"<p>Dispositivo de gravedad para el tratamiento de enfermedades de la columna.<\/p>\n","protected":false},"featured_media":0,"template":"","meta":{"_acf_changed":false,"content-type":""},"product_brand":[],"product_cat":[13716],"product_tag":[],"class_list":{"0":"post-34773","1":"product","2":"type-product","3":"status-publish","5":"product_cat-sin-categorizar","7":"first","8":"instock","9":"taxable","10":"shipping-taxable","11":"purchasable","12":"product-type-simple"},"acf":[],"_links":{"self":[{"href":"https:\/\/www.zannasalud.com\/tienda\/wp-json\/wp\/v2\/product\/34773","targetHints":{"allow":["GET"]}}],"collection":[{"href":"https:\/\/www.zannasalud.com\/tienda\/wp-json\/wp\/v2\/product"}],"about":[{"href":"https:\/\/www.zannasalud.com\/tienda\/wp-json\/wp\/v2\/types\/product"}],"wp:attachment":[{"href":"https:\/\/www.zannasalud.com\/tienda\/wp-json\/wp\/v2\/media?parent=34773"}],"wp:term":[{"taxonomy":"product_brand","embeddable":true,"href":"https:\/\/www.zannasalud.com\/tienda\/wp-json\/wp\/v2\/product_brand?post=34773"},{"taxonomy":"product_cat","embeddable":true,"href":"https:\/\/www.zannasalud.com\/tienda\/wp-json\/wp\/v2\/product_cat?post=34773"},{"taxonomy":"product_tag","embeddable":true,"href":"https:\/\/www.zannasalud.com\/tienda\/wp-json\/wp\/v2\/product_tag?post=34773"}],"curies":[{"name":"wp","href":"https:\/\/api.w.org\/{rel}","templated":true}]}}