{"id":34768,"date":"2025-04-04T13:37:54","date_gmt":"2025-04-04T13:37:54","guid":{"rendered":"https:\/\/silver-louse-480719.hostingersite.com\/tienda\/?post_type=product&p=34768"},"modified":"2025-04-04T14:31:21","modified_gmt":"2025-04-04T14:31:21","slug":"dispositivo-de-descarga-de-peso-dinamico-ostium","status":"publish","type":"product","link":"https:\/\/www.zannasalud.com\/tienda\/producto\/dispositivo-de-descarga-de-peso-dinamico-ostium\/","title":{"rendered":"DISPOSITIVO DE DESCARGA DE PESO DIN\u00c1MICO OSTIUM"},"content":{"rendered":"<p>El ostium est\u00e1 dise\u00f1ado para aligerar al paciente (disminuir la carga de peso) durante los ejercicios de rehabilitaci\u00f3n. Permite al paciente descargarse en modo est\u00e1tico o din\u00e1mico. El ostium tambi\u00e9n se puede utilizar para la rehabilitaci\u00f3n de la postura y el equilibrio en pacientes con trastornos de estas funciones. Evita que el paciente se caiga, pero no interfiere con los reflejos propioceptivos. El grado de descarga de peso se puede reducir a medida que avanza la rehabilitaci\u00f3n.<br \/>\nEl dispositivo consta de dos m\u00f3dulos independientes para ajustar al paciente a una altura segura y un m\u00f3dulo de enc\u00edas para aliviar la tensi\u00f3n. Ostium est\u00e1 equipado con un sistema de ruedas con frenos para un entrenamiento y transporte f\u00e1cil y seguro.<\/p>\n<p>Datos t\u00e9cnicos:<br \/>\nLongitud \u2013 1700 mm<br \/>\nAncho \u2013 1600 mm<br \/>\nAltura \u2013 2700 mm<br \/>\nPeso m\u00e1ximo permitido (peso del paciente suspendido) 250 kg.<\/p>\n","protected":false},"excerpt":{"rendered":"<p>Ostium para rehabilitaci\u00f3n de equilibrio con ajuste de altura<\/p>\n","protected":false},"featured_media":0,"template":"","meta":{"_acf_changed":false,"content-type":""},"product_brand":[],"product_cat":[13716],"product_tag":[],"class_list":{"0":"post-34768","1":"product","2":"type-product","3":"status-publish","5":"product_cat-sin-categorizar","7":"first","8":"instock","9":"taxable","10":"shipping-taxable","11":"purchasable","12":"product-type-simple"},"acf":[],"_links":{"self":[{"href":"https:\/\/www.zannasalud.com\/tienda\/wp-json\/wp\/v2\/product\/34768","targetHints":{"allow":["GET"]}}],"collection":[{"href":"https:\/\/www.zannasalud.com\/tienda\/wp-json\/wp\/v2\/product"}],"about":[{"href":"https:\/\/www.zannasalud.com\/tienda\/wp-json\/wp\/v2\/types\/product"}],"wp:attachment":[{"href":"https:\/\/www.zannasalud.com\/tienda\/wp-json\/wp\/v2\/media?parent=34768"}],"wp:term":[{"taxonomy":"product_brand","embeddable":true,"href":"https:\/\/www.zannasalud.com\/tienda\/wp-json\/wp\/v2\/product_brand?post=34768"},{"taxonomy":"product_cat","embeddable":true,"href":"https:\/\/www.zannasalud.com\/tienda\/wp-json\/wp\/v2\/product_cat?post=34768"},{"taxonomy":"product_tag","embeddable":true,"href":"https:\/\/www.zannasalud.com\/tienda\/wp-json\/wp\/v2\/product_tag?post=34768"}],"curies":[{"name":"wp","href":"https:\/\/api.w.org\/{rel}","templated":true}]}}