{"id":34743,"date":"2025-04-03T16:46:25","date_gmt":"2025-04-03T16:46:25","guid":{"rendered":"https:\/\/silver-louse-480719.hostingersite.com\/tienda\/?post_type=product&#038;p=34743"},"modified":"2025-04-04T14:30:28","modified_gmt":"2025-04-04T14:30:28","slug":"diaterma-mettler-de-onda-corta-autotherm-391","status":"publish","type":"product","link":"https:\/\/www.zannasalud.com\/tienda\/producto\/diaterma-mettler-de-onda-corta-autotherm-391\/","title":{"rendered":"DIATERMA METTLER DE ONDA CORTA AUTOTHERM 391"},"content":{"rendered":"<p>El Auto*Therm 390x es una diatermia de onda corta continua y pulsada. Esta unidad se puede mover f\u00e1cilmente entre las salas de tratamiento o al paciente. El 390 utiliza electrodos capacitivos de placa de goma, as\u00ed como un tambor de inducci\u00f3n de bobina. Los electrodos capacitivos son ideales para tratar \u00e1reas poco profundas y son ideales para cubrir un \u00e1rea de tratamiento grande como una pierna cuando se trata el nervio ci\u00e1tico. El tambor de inducci\u00f3n de bobina est\u00e1 dise\u00f1ado para una penetraci\u00f3n profunda. El Auto*Therm\u00ae 390x viene con un brazo, un aplicador de bobina inductiva, electrodos capacitivos y un carro de alta resistencia con amplio espacio de almacenamiento.<\/p>\n","protected":false},"excerpt":{"rendered":"<p>Diatermia port\u00e1til con onda corta continua y pulsada, vers\u00e1til.<\/p>\n","protected":false},"featured_media":0,"template":"","meta":{"_acf_changed":false,"content-type":""},"product_brand":[],"product_cat":[13716],"product_tag":[],"class_list":{"0":"post-34743","1":"product","2":"type-product","3":"status-publish","5":"product_cat-sin-categorizar","7":"first","8":"instock","9":"taxable","10":"shipping-taxable","11":"purchasable","12":"product-type-simple"},"acf":[],"_links":{"self":[{"href":"https:\/\/www.zannasalud.com\/tienda\/wp-json\/wp\/v2\/product\/34743","targetHints":{"allow":["GET"]}}],"collection":[{"href":"https:\/\/www.zannasalud.com\/tienda\/wp-json\/wp\/v2\/product"}],"about":[{"href":"https:\/\/www.zannasalud.com\/tienda\/wp-json\/wp\/v2\/types\/product"}],"wp:attachment":[{"href":"https:\/\/www.zannasalud.com\/tienda\/wp-json\/wp\/v2\/media?parent=34743"}],"wp:term":[{"taxonomy":"product_brand","embeddable":true,"href":"https:\/\/www.zannasalud.com\/tienda\/wp-json\/wp\/v2\/product_brand?post=34743"},{"taxonomy":"product_cat","embeddable":true,"href":"https:\/\/www.zannasalud.com\/tienda\/wp-json\/wp\/v2\/product_cat?post=34743"},{"taxonomy":"product_tag","embeddable":true,"href":"https:\/\/www.zannasalud.com\/tienda\/wp-json\/wp\/v2\/product_tag?post=34743"}],"curies":[{"name":"wp","href":"https:\/\/api.w.org\/{rel}","templated":true}]}}