{"id":32603,"date":"2020-11-18T20:46:30","date_gmt":"2020-11-18T20:46:30","guid":{"rendered":"https:\/\/silver-louse-480719.hostingersite.com\/tienda\/producto\/inmovilizador-clavicula-orliman\/"},"modified":"2024-04-08T19:06:35","modified_gmt":"2024-04-08T19:06:35","slug":"inmovilizador-clavicula-orliman","status":"publish","type":"product","link":"https:\/\/www.zannasalud.com\/tienda\/producto\/inmovilizador-clavicula-orliman\/","title":{"rendered":"INMOVILIZADOR CLAV\u00cdCULA ORLIMAN\u00ae"},"content":{"rendered":"<p>Fabricado en panal, rizo y foam acolchado con fundas de neopreno en los tirantes, pasadores en la parte posterior y cierres de microgancho para ajustar la tensi\u00f3n de la ortesis. Los velcros se pueden desmontar en caso necesario para acortar la longitud del tirante, ajust\u00e1ndolo as\u00ed a las peculiaridades f\u00edsicas de cada paciente. La almohadilla dorsal est\u00e1 confeccionada con material acolchado para incrementar el confort del paciente. Los tirantes son de velour r\u00edgido para conseguir una correcta inmovilizaci\u00f3n de los hombros en retropulsi\u00f3n.<\/p>\n<p>REFERENCIA OP1130 COLOR GRIS Y VERDE<br \/>\nCOLORES DISPONIBLES GRIS Y VERDE<br \/>\nFAMILIA ORLIMAN PEDIATRIC<\/p>\n<p>INDICACIONES: Tratamientos para fracturas de clav\u00edcula alineando los segmentos fracturados, como vendaje de 8 de guarismo. Recordatorio postural.<\/p>\n","protected":false},"excerpt":{"rendered":"<p>Fabricado en panal, rizo y foam acolchado con fundas de neopreno en los tirantes, pasadores en la parte posterior y cierres de microgancho para ajustar la tensi\u00f3n de la ortesis. Los velcros se pueden desmontar en caso necesario para acortar la longitud del tirante, ajust\u00e1ndolo as\u00ed a las peculiaridades f\u00edsicas de cada paciente. La almohadilla dorsal est\u00e1 confeccionada con material acolchado para incrementar el confort del paciente. Los tirantes son de velour r\u00edgido para conseguir una correcta inmovilizaci\u00f3n de los hombros en retropulsi\u00f3n.<\/p>\n<p>REFERENCIA OP1130 COLOR GRIS Y VERDE<br \/>\nCOLORES DISPONIBLES GRIS Y VERDE<br \/>\nFAMILIA ORLIMAN PEDIATRIC<\/p>\n<p>INDICACIONES: Tratamientos para fracturas de clav\u00edcula alineando los segmentos fracturados, como vendaje de 8 de guarismo. Recordatorio postural.<\/p>\n","protected":false},"featured_media":4699,"template":"","meta":{"_acf_changed":false,"content-type":""},"product_brand":[],"product_cat":[13255,13523,13518,13528],"product_tag":[12283],"class_list":{"0":"post-32603","1":"product","2":"type-product","3":"status-publish","4":"has-post-thumbnail","6":"product_cat-marca","7":"product_cat-orliman","8":"product_cat-ortopedia","9":"product_cat-pediatrico","10":"product_tag-orliman","12":"first","13":"onbackorder","14":"shipping-taxable","15":"purchasable","16":"product-type-variable"},"acf":[],"_links":{"self":[{"href":"https:\/\/www.zannasalud.com\/tienda\/wp-json\/wp\/v2\/product\/32603","targetHints":{"allow":["GET"]}}],"collection":[{"href":"https:\/\/www.zannasalud.com\/tienda\/wp-json\/wp\/v2\/product"}],"about":[{"href":"https:\/\/www.zannasalud.com\/tienda\/wp-json\/wp\/v2\/types\/product"}],"wp:featuredmedia":[{"embeddable":true,"href":"https:\/\/www.zannasalud.com\/tienda\/wp-json\/wp\/v2\/media\/4699"}],"wp:attachment":[{"href":"https:\/\/www.zannasalud.com\/tienda\/wp-json\/wp\/v2\/media?parent=32603"}],"wp:term":[{"taxonomy":"product_brand","embeddable":true,"href":"https:\/\/www.zannasalud.com\/tienda\/wp-json\/wp\/v2\/product_brand?post=32603"},{"taxonomy":"product_cat","embeddable":true,"href":"https:\/\/www.zannasalud.com\/tienda\/wp-json\/wp\/v2\/product_cat?post=32603"},{"taxonomy":"product_tag","embeddable":true,"href":"https:\/\/www.zannasalud.com\/tienda\/wp-json\/wp\/v2\/product_tag?post=32603"}],"curies":[{"name":"wp","href":"https:\/\/api.w.org\/{rel}","templated":true}]}}