{"id":32573,"date":"2020-11-18T20:46:22","date_gmt":"2020-11-18T20:46:22","guid":{"rendered":"https:\/\/silver-louse-480719.hostingersite.com\/tienda\/producto\/antiequino-boxia-orliman\/"},"modified":"2025-04-04T22:06:37","modified_gmt":"2025-04-04T22:06:37","slug":"antiequino-boxia-orliman","status":"publish","type":"product","link":"https:\/\/www.zannasalud.com\/tienda\/producto\/antiequino-boxia-orliman\/","title":{"rendered":"ANTIEQUINO BOXIA ORLIMAN\u00ae"},"content":{"rendered":"<p>El dispositivo Boxia consiste de 2 partes separadas, una cincha supramaleolar por encima de los tobillos y un soporte de uni\u00f3n, antideslizante, para fijar entre la leng\u00fceta y los cordones del calzado por medio de un anclaje central tipo gancho. Ambas partes se unen gracias a un el\u00e1stico para la tracci\u00f3n, regulable, para una mayor o menor flexi\u00f3n. En la zona posterior de la cincha incluye un almohadillado interior en gel para un mayor confort en el tend\u00f3n de Aquiles, y en la zona del empeine se encuentra forrada para evitar fricciones y compresiones no deseadas.Discreto, flexible, no ocupa espacio en el calzado siendo f\u00e1cil de adaptar. Se debe de utilizar con calzado de cordonera.<\/p>\n<p>REFERENCIA AB01 COLOR NEGRO<br \/>\nFAMILIA BOXIA<br \/>\nMODELOS existe un modelo para interior ref: AB12 (der\/izd)<\/p>\n<p>EFECTOS El Dispositivo antiequino Boxia, eleva el antepi\u00e9 inmediatamente despu\u00e9s de la fase de despegue.Evita el riesgo de tropiezos con elementos comunes, como alfombras, bordillos e irregularidades de la superficie.<\/p>\n<p>INDICACIONES El antiequino Boxia, tiene la funci\u00f3n de producir una flexi\u00f3n dorsal en la fase de despegue de la marcha, indicado en par\u00e1lisis fl\u00e1cidas.<\/p>\n","protected":false},"excerpt":{"rendered":"<p>El dispositivo Boxia consiste de 2 partes separadas, una cincha supramaleolar por encima de los tobillos y un soporte de uni\u00f3n, antideslizante, para fijar entre la leng\u00fceta y los cordones del calzado por medio de un anclaje central tipo gancho. Ambas partes se unen gracias a un el\u00e1stico para la tracci\u00f3n, regulable, para una mayor o menor flexi\u00f3n. En la zona posterior de la cincha incluye un almohadillado interior en gel para un mayor confort en el tend\u00f3n de Aquiles, y en la zona del empeine se encuentra forrada para evitar fricciones y compresiones no deseadas.Discreto, flexible, no ocupa espacio en el calzado siendo f\u00e1cil de adaptar. Se debe de utilizar con calzado de cordonera.<\/p>\n<p>REFERENCIA AB01 COLOR NEGRO<br \/>\nFAMILIA BOXIA<br \/>\nMODELOS existe un modelo para interior ref: AB12 (der\/izd)<\/p>\n<p>EFECTOS El Dispositivo antiequino Boxia, eleva el antepi\u00e9 inmediatamente despu\u00e9s de la fase de despegue.Evita el riesgo de tropiezos con elementos comunes, como alfombras, bordillos e irregularidades de la superficie.<\/p>\n<p>INDICACIONES El antiequino Boxia, tiene la funci\u00f3n de producir una flexi\u00f3n dorsal en la fase de despegue de la marcha, indicado en par\u00e1lisis fl\u00e1cidas.<\/p>\n","protected":false},"featured_media":4661,"template":"","meta":{"_acf_changed":false,"content-type":""},"product_brand":[],"product_cat":[13521,13524,13255,13523,13518],"product_tag":[12283],"class_list":{"0":"post-32573","1":"product","2":"type-product","3":"status-publish","4":"has-post-thumbnail","6":"product_cat-braces-m-inferior","7":"product_cat-braces-rodilla","8":"product_cat-marca","9":"product_cat-orliman","10":"product_cat-ortopedia","11":"product_tag-orliman","13":"first","14":"instock","15":"shipping-taxable","16":"purchasable","17":"product-type-variable"},"acf":[],"_links":{"self":[{"href":"https:\/\/www.zannasalud.com\/tienda\/wp-json\/wp\/v2\/product\/32573","targetHints":{"allow":["GET"]}}],"collection":[{"href":"https:\/\/www.zannasalud.com\/tienda\/wp-json\/wp\/v2\/product"}],"about":[{"href":"https:\/\/www.zannasalud.com\/tienda\/wp-json\/wp\/v2\/types\/product"}],"wp:featuredmedia":[{"embeddable":true,"href":"https:\/\/www.zannasalud.com\/tienda\/wp-json\/wp\/v2\/media\/4661"}],"wp:attachment":[{"href":"https:\/\/www.zannasalud.com\/tienda\/wp-json\/wp\/v2\/media?parent=32573"}],"wp:term":[{"taxonomy":"product_brand","embeddable":true,"href":"https:\/\/www.zannasalud.com\/tienda\/wp-json\/wp\/v2\/product_brand?post=32573"},{"taxonomy":"product_cat","embeddable":true,"href":"https:\/\/www.zannasalud.com\/tienda\/wp-json\/wp\/v2\/product_cat?post=32573"},{"taxonomy":"product_tag","embeddable":true,"href":"https:\/\/www.zannasalud.com\/tienda\/wp-json\/wp\/v2\/product_tag?post=32573"}],"curies":[{"name":"wp","href":"https:\/\/api.w.org\/{rel}","templated":true}]}}