{"id":32500,"date":"2020-11-18T20:45:48","date_gmt":"2020-11-18T20:45:48","guid":{"rendered":"https:\/\/silver-louse-480719.hostingersite.com\/tienda\/producto\/ferula-bunnell-extension\/"},"modified":"2025-04-15T04:55:49","modified_gmt":"2025-04-15T04:55:49","slug":"ferula-bunnell-extension","status":"publish","type":"product","link":"https:\/\/www.zannasalud.com\/tienda\/producto\/ferula-bunnell-extension\/","title":{"rendered":"FERULA BUNNELL EXTENSION"},"content":{"rendered":"<p>Fabricado en acero para muelles y acolchado con fieltro suave para mayor comodidad.<br \/>\nEl brazo de palanca largo y met\u00e1lico ayuda a distribuir la fuerza y proporciona un soporte din\u00e1mico.<br \/>\nPara tallar, mida la longitud desde la punta del dedo hasta el pliegue de la mu\u00f1eca.<\/p>\n","protected":false},"excerpt":{"rendered":"<p>Reducir las contracturas de flexi\u00f3n de la articulaci\u00f3n MP o la adherencia tendinosa distal a la mu\u00f1eca.<\/p>\n","protected":false},"featured_media":4620,"template":"","meta":{"_acf_changed":false,"content-type":""},"product_brand":[],"product_cat":[13588,13519,13255,13276,13518],"product_tag":[11849],"class_list":{"0":"post-32500","1":"product","2":"type-product","3":"status-publish","4":"has-post-thumbnail","6":"product_cat-ferulas-dedo-y-mano","7":"product_cat-ferulas-m-superior","8":"product_cat-marca","9":"product_cat-north-coast","10":"product_cat-ortopedia","11":"product_tag-north-coast","13":"first","14":"instock","15":"shipping-taxable","16":"purchasable","17":"product-type-variable"},"acf":[],"_links":{"self":[{"href":"https:\/\/www.zannasalud.com\/tienda\/wp-json\/wp\/v2\/product\/32500","targetHints":{"allow":["GET"]}}],"collection":[{"href":"https:\/\/www.zannasalud.com\/tienda\/wp-json\/wp\/v2\/product"}],"about":[{"href":"https:\/\/www.zannasalud.com\/tienda\/wp-json\/wp\/v2\/types\/product"}],"wp:featuredmedia":[{"embeddable":true,"href":"https:\/\/www.zannasalud.com\/tienda\/wp-json\/wp\/v2\/media\/4620"}],"wp:attachment":[{"href":"https:\/\/www.zannasalud.com\/tienda\/wp-json\/wp\/v2\/media?parent=32500"}],"wp:term":[{"taxonomy":"product_brand","embeddable":true,"href":"https:\/\/www.zannasalud.com\/tienda\/wp-json\/wp\/v2\/product_brand?post=32500"},{"taxonomy":"product_cat","embeddable":true,"href":"https:\/\/www.zannasalud.com\/tienda\/wp-json\/wp\/v2\/product_cat?post=32500"},{"taxonomy":"product_tag","embeddable":true,"href":"https:\/\/www.zannasalud.com\/tienda\/wp-json\/wp\/v2\/product_tag?post=32500"}],"curies":[{"name":"wp","href":"https:\/\/api.w.org\/{rel}","templated":true}]}}