{"id":32254,"date":"2020-11-18T20:43:57","date_gmt":"2020-11-18T20:43:57","guid":{"rendered":"https:\/\/silver-louse-480719.hostingersite.com\/tienda\/producto\/conos-de-agilidad\/"},"modified":"2024-04-08T19:04:46","modified_gmt":"2024-04-08T19:04:46","slug":"conos-de-agilidad","status":"publish","type":"product","link":"https:\/\/www.zannasalud.com\/tienda\/producto\/conos-de-agilidad\/","title":{"rendered":"CONOS DE AGILIDAD"},"content":{"rendered":"<p>Conos en color naranja de alta visibilidad. Peso ligero, port\u00e1til para su uso en cualquier lugar. Cuatro tama\u00f1os de satisfacer todas las necesidades de capacitaci\u00f3n.<\/p>\n","protected":false},"excerpt":{"rendered":"<p>Conos en color naranja de alta visibilidad. Peso ligero, port\u00e1til para su uso en cualquier lugar. Cuatro tama\u00f1os de satisfacer todas las necesidades de capacitaci\u00f3n.<\/p>\n","protected":false},"featured_media":11724,"template":"","meta":{"_acf_changed":false,"content-type":""},"product_brand":[],"product_cat":[13579,13393,13255,13269,13398],"product_tag":[11698],"class_list":{"0":"post-32254","1":"product","2":"type-product","3":"status-publish","4":"has-post-thumbnail","6":"product_cat-conos","7":"product_cat-ejercitando","8":"product_cat-marca","9":"product_cat-wavehealth","10":"product_cat-productos-para-balance-y-propiocepcion","11":"product_tag-wavehealth","13":"first","14":"onbackorder","15":"taxable","16":"shipping-taxable","17":"purchasable","18":"product-type-variable"},"acf":[],"_links":{"self":[{"href":"https:\/\/www.zannasalud.com\/tienda\/wp-json\/wp\/v2\/product\/32254","targetHints":{"allow":["GET"]}}],"collection":[{"href":"https:\/\/www.zannasalud.com\/tienda\/wp-json\/wp\/v2\/product"}],"about":[{"href":"https:\/\/www.zannasalud.com\/tienda\/wp-json\/wp\/v2\/types\/product"}],"wp:featuredmedia":[{"embeddable":true,"href":"https:\/\/www.zannasalud.com\/tienda\/wp-json\/wp\/v2\/media\/11724"}],"wp:attachment":[{"href":"https:\/\/www.zannasalud.com\/tienda\/wp-json\/wp\/v2\/media?parent=32254"}],"wp:term":[{"taxonomy":"product_brand","embeddable":true,"href":"https:\/\/www.zannasalud.com\/tienda\/wp-json\/wp\/v2\/product_brand?post=32254"},{"taxonomy":"product_cat","embeddable":true,"href":"https:\/\/www.zannasalud.com\/tienda\/wp-json\/wp\/v2\/product_cat?post=32254"},{"taxonomy":"product_tag","embeddable":true,"href":"https:\/\/www.zannasalud.com\/tienda\/wp-json\/wp\/v2\/product_tag?post=32254"}],"curies":[{"name":"wp","href":"https:\/\/api.w.org\/{rel}","templated":true}]}}