{"id":32237,"date":"2020-11-18T20:43:48","date_gmt":"2020-11-18T20:43:48","guid":{"rendered":"https:\/\/silver-louse-480719.hostingersite.com\/tienda\/producto\/balon-norco\/"},"modified":"2025-04-08T22:51:10","modified_gmt":"2025-04-08T22:51:10","slug":"balon-norco","status":"publish","type":"product","link":"https:\/\/www.zannasalud.com\/tienda\/producto\/balon-norco\/","title":{"rendered":"BALON NORCO\u2122"},"content":{"rendered":"<p>Las pelotas de ejercicio Norco\u00ae est\u00e1n probadas para soportar hasta 550 libras (250 kg).<br \/>\nAyuda a mejorar la estabilizaci\u00f3n del n\u00facleo al entrenar los m\u00fasculos de la columna vertebral a medida que el cuerpo trabaja para mantenerse en equilibrio.<br \/>\nIdeal para ejercicios de flexi\u00f3n, extensi\u00f3n, reacciones de equilibrio y ajustes posturales.<br \/>\nNo est\u00e1 dise\u00f1ado para levantar objetos pesados.<br \/>\nNo est\u00e1 fabricado con l\u00e1tex de caucho natural.<br \/>\nLas bolas est\u00e1n disponibles individualmente en una caja de venta al por menor con asa.<br \/>\nConsulte la \u00abPesta\u00f1a de informaci\u00f3n\u00bb para conocer las pautas de atenci\u00f3n.<br \/>\nIncluye:<br \/>\n\u2022 Bola con tap\u00f3n<br \/>\n\u2022 Extractor<br \/>\nde tapones \u2022 Bomba<br \/>\n\u2022 Cinta<br \/>\nm\u00e9trica \u2022 P\u00f3ster de ejercicios<br \/>\n\u2022 Adaptador de boquilla<br \/>\nEl tama\u00f1o se basa en la altura:<\/p>\n<p>Altura de la persona Di\u00e1metro de la bola<\/p>\n<p>4&#8217;7&#8243; a 5&#8217;0&#8243; 45 cm<br \/>\n5&#8217;0&#8243; a 5&#8217;6&#8243; 55 cm<br \/>\n5&#8217;6&#8243; a 6&#8217;0&#8243; 65 cm<br \/>\n6&#8217;0&#8243; a 6&#8217;4&#8243; 75 cm<br \/>\n6&#8217;4&#8243; a 6&#8217;8&#8243; 85 cm<\/p>\n","protected":false},"excerpt":{"rendered":"<p>Las pelotas econ\u00f3micas y resistentes a las explosiones proporcionan entrenamientos de ejercicio vers\u00e1tiles.<\/p>\n","protected":false},"featured_media":11694,"template":"","meta":{"_acf_changed":false,"content-type":""},"product_brand":[],"product_cat":[13399,13393,13255,13276,13398],"product_tag":[11849],"class_list":{"0":"post-32237","1":"product","2":"type-product","3":"status-publish","4":"has-post-thumbnail","6":"product_cat-balonterapia","7":"product_cat-ejercitando","8":"product_cat-marca","9":"product_cat-north-coast","10":"product_cat-productos-para-balance-y-propiocepcion","11":"product_tag-north-coast","13":"first","14":"onbackorder","15":"taxable","16":"shipping-taxable","17":"purchasable","18":"product-type-variable"},"acf":[],"_links":{"self":[{"href":"https:\/\/www.zannasalud.com\/tienda\/wp-json\/wp\/v2\/product\/32237","targetHints":{"allow":["GET"]}}],"collection":[{"href":"https:\/\/www.zannasalud.com\/tienda\/wp-json\/wp\/v2\/product"}],"about":[{"href":"https:\/\/www.zannasalud.com\/tienda\/wp-json\/wp\/v2\/types\/product"}],"wp:featuredmedia":[{"embeddable":true,"href":"https:\/\/www.zannasalud.com\/tienda\/wp-json\/wp\/v2\/media\/11694"}],"wp:attachment":[{"href":"https:\/\/www.zannasalud.com\/tienda\/wp-json\/wp\/v2\/media?parent=32237"}],"wp:term":[{"taxonomy":"product_brand","embeddable":true,"href":"https:\/\/www.zannasalud.com\/tienda\/wp-json\/wp\/v2\/product_brand?post=32237"},{"taxonomy":"product_cat","embeddable":true,"href":"https:\/\/www.zannasalud.com\/tienda\/wp-json\/wp\/v2\/product_cat?post=32237"},{"taxonomy":"product_tag","embeddable":true,"href":"https:\/\/www.zannasalud.com\/tienda\/wp-json\/wp\/v2\/product_tag?post=32237"}],"curies":[{"name":"wp","href":"https:\/\/api.w.org\/{rel}","templated":true}]}}