{"id":32140,"date":"2020-11-18T20:42:45","date_gmt":"2020-11-18T20:42:45","guid":{"rendered":"https:\/\/silver-louse-480719.hostingersite.com\/tienda\/producto\/ejercitador-magneciser\/"},"modified":"2024-04-08T19:04:45","modified_gmt":"2024-04-08T19:04:45","slug":"ejercitador-magneciser","status":"publish","type":"product","link":"https:\/\/www.zannasalud.com\/tienda\/producto\/ejercitador-magneciser\/","title":{"rendered":"EJERCITADOR MAGNECISER\u2122"},"content":{"rendered":"<p>EXCELENTE PARA EJERCICIOS DE HOMBROS. Silencioso, con resistencia magn\u00e9tica. Autom\u00e1tico con 5 funciones y pantalla digital: tiempo ejercitado, calor\u00edas consumidas, conteo del recorrido del ejercicio, recorrido por tiempo y scan de todas las funciones. Con rotaci\u00f3n bidireccional y la altura se ajusta f\u00e1cilmente. La longitud del brazo se ajusta de 13&#8243; to 22&#8243;. <\/p>\n<p>Incluye herramientas para montar en la pared.<br \/>\nGarant\u00eda: 1 a\u00f1o<\/p>\n","protected":false},"excerpt":{"rendered":"<p>EXCELENTE PARA EJERCICIOS DE HOMBROS. Silencioso, con resistencia magn\u00e9tica. Autom\u00e1tico con 5 funciones y pantalla digital: tiempo ejercitado, calor\u00edas consumidas, conteo del recorrido del ejercicio, recorrido por tiempo y scan de todas las funciones. Con rotaci\u00f3n bidireccional y la altura se ajusta f\u00e1cilmente. La longitud del brazo se ajusta de 13&#8243; to 22&#8243;. <\/p>\n<p>Incluye herramientas para montar en la pared.<br \/>\nGarant\u00eda: 1 a\u00f1o<\/p>\n","protected":false},"featured_media":4010,"template":"","meta":{"_acf_changed":false,"content-type":""},"product_brand":[],"product_cat":[13370,13369,13255,13311,13368],"product_tag":[11858],"class_list":{"0":"post-32140","1":"product","2":"type-product","3":"status-publish","4":"has-post-thumbnail","6":"product_cat-cicloergometros","7":"product_cat-maquinas-de-ejercicio-adulto","8":"product_cat-marca","9":"product_cat-fabrication-enterpreses","10":"product_cat-mecanoterapia","11":"product_tag-fabrication-enterpreses","13":"first","14":"onbackorder","15":"taxable","16":"shipping-taxable","17":"purchasable","18":"product-type-variable"},"acf":[],"_links":{"self":[{"href":"https:\/\/www.zannasalud.com\/tienda\/wp-json\/wp\/v2\/product\/32140","targetHints":{"allow":["GET"]}}],"collection":[{"href":"https:\/\/www.zannasalud.com\/tienda\/wp-json\/wp\/v2\/product"}],"about":[{"href":"https:\/\/www.zannasalud.com\/tienda\/wp-json\/wp\/v2\/types\/product"}],"wp:featuredmedia":[{"embeddable":true,"href":"https:\/\/www.zannasalud.com\/tienda\/wp-json\/wp\/v2\/media\/4010"}],"wp:attachment":[{"href":"https:\/\/www.zannasalud.com\/tienda\/wp-json\/wp\/v2\/media?parent=32140"}],"wp:term":[{"taxonomy":"product_brand","embeddable":true,"href":"https:\/\/www.zannasalud.com\/tienda\/wp-json\/wp\/v2\/product_brand?post=32140"},{"taxonomy":"product_cat","embeddable":true,"href":"https:\/\/www.zannasalud.com\/tienda\/wp-json\/wp\/v2\/product_cat?post=32140"},{"taxonomy":"product_tag","embeddable":true,"href":"https:\/\/www.zannasalud.com\/tienda\/wp-json\/wp\/v2\/product_tag?post=32140"}],"curies":[{"name":"wp","href":"https:\/\/api.w.org\/{rel}","templated":true}]}}