{"id":32111,"date":"2020-11-18T20:42:34","date_gmt":"2020-11-18T20:42:34","guid":{"rendered":"https:\/\/silver-louse-480719.hostingersite.com\/tienda\/producto\/kit-ferula-de-extension\/"},"modified":"2024-04-08T19:04:44","modified_gmt":"2024-04-08T19:04:44","slug":"kit-ferula-de-extension","status":"publish","type":"product","link":"https:\/\/www.zannasalud.com\/tienda\/producto\/kit-ferula-de-extension\/","title":{"rendered":"KIT FERULA DE EXTENSION"},"content":{"rendered":"<p>Los pacientes con afecciones del nervio radial necesitan dos espirales de extensi\u00f3n que les ayuden. Durante la recuperaci\u00f3n, la espiral ayuda a reequilibrar la potencia del m\u00fasculo.<\/p>\n<p>Kit:<br \/>\n\u2022 2 formas precortadas ORFIT\u00ae (3,2mm &#8211; 1\/8\u201dno perfo. r\u00edgido).<br \/>\n\u2022 2 resortes espirales laterales: di\u00e1metro del calibre 1,5mm &#8211; 1\/16\u201d<br \/>\n\u2022 Di\u00e1metro de la espiral 15mm &#8211; 3\/5\u201d-<br \/>\n\u2022 Fuerza de torsi\u00f3n: 5.000 g\/cm.<\/p>\n","protected":false},"excerpt":{"rendered":"<p>Los pacientes con afecciones del nervio radial necesitan dos espirales de extensi\u00f3n que les ayuden. Durante la recuperaci\u00f3n, la espiral ayuda a reequilibrar la potencia del m\u00fasculo.<\/p>\n<p>Kit:<br \/>\n\u2022 2 formas precortadas ORFIT\u00ae (3,2mm &#8211; 1\/8\u201dno perfo. r\u00edgido).<br \/>\n\u2022 2 resortes espirales laterales: di\u00e1metro del calibre 1,5mm &#8211; 1\/16\u201d<br \/>\n\u2022 Di\u00e1metro de la espiral 15mm &#8211; 3\/5\u201d-<br \/>\n\u2022 Fuerza de torsi\u00f3n: 5.000 g\/cm.<\/p>\n","protected":false},"featured_media":5066,"template":"","meta":{"_acf_changed":false,"content-type":""},"product_brand":[],"product_cat":[13352,13255,13349,13338,13347],"product_tag":[12011],"class_list":{"0":"post-32111","1":"product","2":"type-product","3":"status-publish","4":"has-post-thumbnail","6":"product_cat-ferulas-termoplasticas-precortadas","7":"product_cat-marca","8":"product_cat-orfit","9":"product_cat-terapia-para-miembro-superior","10":"product_cat-ferulaje","11":"product_tag-orfit","13":"first","14":"onbackorder","15":"shipping-taxable","16":"purchasable","17":"product-type-variable"},"acf":[],"_links":{"self":[{"href":"https:\/\/www.zannasalud.com\/tienda\/wp-json\/wp\/v2\/product\/32111","targetHints":{"allow":["GET"]}}],"collection":[{"href":"https:\/\/www.zannasalud.com\/tienda\/wp-json\/wp\/v2\/product"}],"about":[{"href":"https:\/\/www.zannasalud.com\/tienda\/wp-json\/wp\/v2\/types\/product"}],"wp:featuredmedia":[{"embeddable":true,"href":"https:\/\/www.zannasalud.com\/tienda\/wp-json\/wp\/v2\/media\/5066"}],"wp:attachment":[{"href":"https:\/\/www.zannasalud.com\/tienda\/wp-json\/wp\/v2\/media?parent=32111"}],"wp:term":[{"taxonomy":"product_brand","embeddable":true,"href":"https:\/\/www.zannasalud.com\/tienda\/wp-json\/wp\/v2\/product_brand?post=32111"},{"taxonomy":"product_cat","embeddable":true,"href":"https:\/\/www.zannasalud.com\/tienda\/wp-json\/wp\/v2\/product_cat?post=32111"},{"taxonomy":"product_tag","embeddable":true,"href":"https:\/\/www.zannasalud.com\/tienda\/wp-json\/wp\/v2\/product_tag?post=32111"}],"curies":[{"name":"wp","href":"https:\/\/api.w.org\/{rel}","templated":true}]}}