{"id":31629,"date":"2020-11-18T20:38:30","date_gmt":"2020-11-18T20:38:30","guid":{"rendered":"https:\/\/silver-louse-480719.hostingersite.com\/tienda\/producto\/paquete-caliente-maxheat-thermophore\/"},"modified":"2024-04-08T19:04:37","modified_gmt":"2024-04-08T19:04:37","slug":"paquete-caliente-maxheat-thermophore","status":"publish","type":"product","link":"https:\/\/www.zannasalud.com\/tienda\/producto\/paquete-caliente-maxheat-thermophore\/","title":{"rendered":"PAQUETE CALIENTE MaxHEAT THERMOPHORE\u00ae"},"content":{"rendered":"<p>Recomendado por doctores por: Artritis O Reumatismo, TMJ, Dolor cr\u00f3nico de espalda y cuello, Fibromyalgia, Espasmos musculares, Lesiones causadas en actividades deportivas como desgarres muscular. <\/p>\n<p>Dimensiones: 14&#8243; x 14&#8243;<br \/>\nIdeal para brazos, Hombro, codo, rodilla, pie, espalda.<br \/>\nSistema de ajuste para cualquier \u00e1rea peque\u00f1a del cuerpo.<\/p>\n<p>Nuestros productos Thermophore bridan calor h\u00famedo profundo, incrementando significativamente el poder y los beneficios de la terapia de calor penetrante! Los productos tales como el paquete Thermophore de modo autom\u00e1tico permite orientar las zonas dolorosas espec\u00edficas, aplicando un tratamiento t\u00e9rmico necesario para un alivio casi instant\u00e1neo. <\/p>\n<p>Modelo Thermophore MaxHEAT, Thermophore MaxHEAT Therapy Pack para un funcionamiento amigable con Switch Constant-Comfort\u2122 que ofrece 3 ajustes de temperatura de calor h\u00famedo: Bajo, Medio y Alto. Con un termostato de seguridad. Para su mantenimiento trae un forro lavable de f\u00e1cil limpieza y bolsa protectora. Es ideal para el tratamiento de dolores musculares, dolores menstruales y traumatismos, artritis, ci\u00e1ticas, etc.<\/p>\n","protected":false},"excerpt":{"rendered":"<p>EL UNICO PAQUETE CALIENTE ELECTRICO QUE NO NECESITA HUMEDECERSE CON ESPUMAS YA QUE TOMA LA HUMEDAD DEL AIRE Y LA RETIENE PRODUCIENDO UNA SENSACION CONFORTABLE DE CALOR HUMEDO.<\/p>\n","protected":false},"featured_media":4444,"template":"","meta":{"_acf_changed":false,"content-type":""},"product_brand":[],"product_cat":[13255,13563,13252,13310,13307],"product_tag":[11832],"class_list":{"0":"post-31629","1":"product","2":"type-product","3":"status-publish","4":"has-post-thumbnail","6":"product_cat-marca","7":"product_cat-battle","8":"product_cat-modalidades","9":"product_cat-paquetes-de-calor-humedo","10":"product_cat-terapia-de-frio-calor-compresion","11":"product_tag-battle","13":"first","14":"onbackorder","15":"shipping-taxable","16":"purchasable","17":"product-type-variable"},"acf":[],"_links":{"self":[{"href":"https:\/\/www.zannasalud.com\/tienda\/wp-json\/wp\/v2\/product\/31629","targetHints":{"allow":["GET"]}}],"collection":[{"href":"https:\/\/www.zannasalud.com\/tienda\/wp-json\/wp\/v2\/product"}],"about":[{"href":"https:\/\/www.zannasalud.com\/tienda\/wp-json\/wp\/v2\/types\/product"}],"wp:featuredmedia":[{"embeddable":true,"href":"https:\/\/www.zannasalud.com\/tienda\/wp-json\/wp\/v2\/media\/4444"}],"wp:attachment":[{"href":"https:\/\/www.zannasalud.com\/tienda\/wp-json\/wp\/v2\/media?parent=31629"}],"wp:term":[{"taxonomy":"product_brand","embeddable":true,"href":"https:\/\/www.zannasalud.com\/tienda\/wp-json\/wp\/v2\/product_brand?post=31629"},{"taxonomy":"product_cat","embeddable":true,"href":"https:\/\/www.zannasalud.com\/tienda\/wp-json\/wp\/v2\/product_cat?post=31629"},{"taxonomy":"product_tag","embeddable":true,"href":"https:\/\/www.zannasalud.com\/tienda\/wp-json\/wp\/v2\/product_tag?post=31629"}],"curies":[{"name":"wp","href":"https:\/\/api.w.org\/{rel}","templated":true}]}}