{"id":31518,"date":"2020-11-18T20:37:36","date_gmt":"2020-11-18T20:37:36","guid":{"rendered":"https:\/\/silver-louse-480719.hostingersite.com\/tienda\/producto\/tanque-de-hidroterapia-extremities\/"},"modified":"2024-04-08T19:04:35","modified_gmt":"2024-04-08T19:04:35","slug":"tanque-de-hidroterapia-extremities","status":"publish","type":"product","link":"https:\/\/www.zannasalud.com\/tienda\/producto\/tanque-de-hidroterapia-extremities\/","title":{"rendered":"TANQUE DE HIDROTERAPIA EXTREMITIES"},"content":{"rendered":"<p>El sistema de control de la funci\u00f3n de los jets permite la libre elecci\u00f3n de un \u00e1rea que se pretende tratar y de la funci\u00f3n combinada de los jets (siete posibilidades), por ejemplo, tobillos y espina lumbar. Adem\u00e1s, sus dos niveles de llenado (a la mitad y toda la tina) permiten el ahorro de agua. Durante el tratamiento, el paciente se coloca en un asiento dentro de la tina. (panel de control t\u00e1ctil, a color). <\/p>\n<p>GARANTIA 2 A\u00d1OS<\/p>\n","protected":false},"excerpt":{"rendered":"<p>Es empleada en el hidromasaje y consiste en un sistema de 14 jets fijados a la pared, dividido en tres secciones independientes con control de corriente de agua de salida.<\/p>\n","protected":false},"featured_media":6954,"template":"","meta":{"_acf_changed":false,"content-type":""},"product_brand":[],"product_cat":[13299,13255,13301,13252,13300],"product_tag":[11803],"class_list":{"0":"post-31518","1":"product","2":"type-product","3":"status-publish","4":"has-post-thumbnail","6":"product_cat-hydroterapia","7":"product_cat-marca","8":"product_cat-technomex","9":"product_cat-modalidades","10":"product_cat-tanques-y-baneras","11":"product_tag-technomex","13":"first","14":"onbackorder","15":"taxable","16":"shipping-taxable","17":"purchasable","18":"product-type-variable"},"acf":[],"_links":{"self":[{"href":"https:\/\/www.zannasalud.com\/tienda\/wp-json\/wp\/v2\/product\/31518","targetHints":{"allow":["GET"]}}],"collection":[{"href":"https:\/\/www.zannasalud.com\/tienda\/wp-json\/wp\/v2\/product"}],"about":[{"href":"https:\/\/www.zannasalud.com\/tienda\/wp-json\/wp\/v2\/types\/product"}],"wp:featuredmedia":[{"embeddable":true,"href":"https:\/\/www.zannasalud.com\/tienda\/wp-json\/wp\/v2\/media\/6954"}],"wp:attachment":[{"href":"https:\/\/www.zannasalud.com\/tienda\/wp-json\/wp\/v2\/media?parent=31518"}],"wp:term":[{"taxonomy":"product_brand","embeddable":true,"href":"https:\/\/www.zannasalud.com\/tienda\/wp-json\/wp\/v2\/product_brand?post=31518"},{"taxonomy":"product_cat","embeddable":true,"href":"https:\/\/www.zannasalud.com\/tienda\/wp-json\/wp\/v2\/product_cat?post=31518"},{"taxonomy":"product_tag","embeddable":true,"href":"https:\/\/www.zannasalud.com\/tienda\/wp-json\/wp\/v2\/product_tag?post=31518"}],"curies":[{"name":"wp","href":"https:\/\/api.w.org\/{rel}","templated":true}]}}