{"id":31320,"date":"2020-11-18T20:25:49","date_gmt":"2020-11-18T20:25:49","guid":{"rendered":"https:\/\/silver-louse-480719.hostingersite.com\/tienda\/producto\/test-pdms-2-peabody-developmental-motor-scales-segunda-edicion-pdms-2-kit-complete-ref-zasa8043-02\/"},"modified":"2024-04-08T19:04:30","modified_gmt":"2024-04-08T19:04:30","slug":"test-pdms-2-peabody-developmental-motor-scales-segunda-edicion-pdms-2-kit-complete-ref-zasa8043-02","status":"publish","type":"product","link":"https:\/\/www.zannasalud.com\/tienda\/producto\/test-pdms-2-peabody-developmental-motor-scales-segunda-edicion-pdms-2-kit-complete-ref-zasa8043-02\/","title":{"rendered":"TEST PDMS-2 (PEABODY DEVELOPMENTAL MOTOR SCALES &#8211; SEGUNDA EDICI\u00d3N). PDMS-2 KIT COMPLETE REF. ZASA8043-02"},"content":{"rendered":"<div id=\"goog-gt-tt\" class=\"skiptranslate\" dir=\"ltr\">\n<div style=\"padding: 8px;\">Este paquete proporciona una evaluaci\u00f3n en profundidad y entrenamiento de las habilidades de motricidad fina para los ni\u00f1os desde el nacimiento hasta los 6 a\u00f1os. <\/p>\n<p>Ver catalogo electronico para mayor informaci\u00f3n<br \/>\ninfo@silver-louse-480719.hostingersite.com<\/p>\n<div><\/div>\n<\/div>\n<\/div>\n<div class=\"goog-te-spinner-pos\">\n<div class=\"goog-te-spinner-animation\"><\/div>\n<\/div>\n","protected":false},"excerpt":{"rendered":"<p>Este paquete proporciona una evaluaci\u00f3n en profundidad y entrenamiento de las habilidades de motricidad fina para los ni\u00f1os desde el nacimiento hasta los 6 a\u00f1os. <\/p>\n<p>Ver catalogo electronico para mayor informaci\u00f3n<br \/>\ninfo@silver-louse-480719.hostingersite.com<\/p>\n","protected":false},"featured_media":5140,"template":"","meta":{"_acf_changed":false,"content-type":""},"product_brand":[],"product_cat":[13441,13513,13255,13313,13443,13442,13448],"product_tag":[12003],"class_list":{"0":"post-31320","1":"product","2":"type-product","3":"status-publish","4":"has-post-thumbnail","6":"product_cat-evaluacion-cognitiva","7":"product_cat-evaluacion-terapia","8":"product_cat-marca","9":"product_cat-patterson-medical","10":"product_cat-perceptual-y-motor-new","11":"product_cat-sensorial","12":"product_cat-test","13":"product_tag-patterson-medical","15":"first","16":"onbackorder","17":"taxable","18":"shipping-taxable","19":"purchasable","20":"product-type-simple"},"acf":[],"_links":{"self":[{"href":"https:\/\/www.zannasalud.com\/tienda\/wp-json\/wp\/v2\/product\/31320","targetHints":{"allow":["GET"]}}],"collection":[{"href":"https:\/\/www.zannasalud.com\/tienda\/wp-json\/wp\/v2\/product"}],"about":[{"href":"https:\/\/www.zannasalud.com\/tienda\/wp-json\/wp\/v2\/types\/product"}],"wp:featuredmedia":[{"embeddable":true,"href":"https:\/\/www.zannasalud.com\/tienda\/wp-json\/wp\/v2\/media\/5140"}],"wp:attachment":[{"href":"https:\/\/www.zannasalud.com\/tienda\/wp-json\/wp\/v2\/media?parent=31320"}],"wp:term":[{"taxonomy":"product_brand","embeddable":true,"href":"https:\/\/www.zannasalud.com\/tienda\/wp-json\/wp\/v2\/product_brand?post=31320"},{"taxonomy":"product_cat","embeddable":true,"href":"https:\/\/www.zannasalud.com\/tienda\/wp-json\/wp\/v2\/product_cat?post=31320"},{"taxonomy":"product_tag","embeddable":true,"href":"https:\/\/www.zannasalud.com\/tienda\/wp-json\/wp\/v2\/product_tag?post=31320"}],"curies":[{"name":"wp","href":"https:\/\/api.w.org\/{rel}","templated":true}]}}