{"id":31299,"date":"2020-11-18T20:25:41","date_gmt":"2020-11-18T20:25:41","guid":{"rendered":"https:\/\/silver-louse-480719.hostingersite.com\/tienda\/producto\/tumble-forms-2-tadpole-pediatric-positioner-ref-zasa4772-t\/"},"modified":"2024-04-08T19:04:29","modified_gmt":"2024-04-08T19:04:29","slug":"tumble-forms-2-tadpole-pediatric-positioner-ref-zasa4772-t","status":"publish","type":"product","link":"https:\/\/www.zannasalud.com\/tienda\/producto\/tumble-forms-2-tadpole-pediatric-positioner-ref-zasa4772-t\/","title":{"rendered":"TUMBLE FORMS 2\u00ae TADPOLE\u00ae PEDIATRIC POSITIONER REF. ZASA4772-T"},"content":{"rendered":"<div id=\"goog-gt-tt\" class=\"skiptranslate\" dir=\"ltr\">\n<div style=\"padding: 8px;\">Dise\u00f1ado espec\u00edficamente para los ni\u00f1os desde el nacimiento hasta los tres a\u00f1os con par\u00e1lisis cerebral, retrasos motores o de otras disfunciones motoras. <\/p>\n<p>Ver catalogo electronico para mayor informaci\u00f3n<br \/>\ninfo@silver-louse-480719.hostingersite.com<\/p>\n<div><\/div>\n<\/div>\n<\/div>\n<div class=\"goog-te-spinner-pos\">\n<div class=\"goog-te-spinner-animation\"><\/div>\n<\/div>\n","protected":false},"excerpt":{"rendered":"<p>Dise\u00f1ado espec\u00edficamente para los ni\u00f1os desde el nacimiento hasta los tres a\u00f1os con par\u00e1lisis cerebral, retrasos motores o de otras disfunciones motoras. <\/p>\n<p>Ver catalogo electronico para mayor informaci\u00f3n<br \/>\ninfo@silver-louse-480719.hostingersite.com<\/p>\n","protected":false},"featured_media":4795,"template":"","meta":{"_acf_changed":false,"content-type":""},"product_brand":[],"product_cat":[13512,13441,13255,13313,13443,13442,13476],"product_tag":[12003],"class_list":{"0":"post-31299","1":"product","2":"type-product","3":"status-publish","4":"has-post-thumbnail","6":"product_cat-conciencia-espacial","7":"product_cat-evaluacion-cognitiva","8":"product_cat-marca","9":"product_cat-patterson-medical","10":"product_cat-perceptual-y-motor-new","11":"product_cat-sensorial","12":"product_cat-terapia-vestibular","13":"product_tag-patterson-medical","15":"first","16":"onbackorder","17":"taxable","18":"shipping-taxable","19":"purchasable","20":"product-type-simple"},"acf":[],"_links":{"self":[{"href":"https:\/\/www.zannasalud.com\/tienda\/wp-json\/wp\/v2\/product\/31299","targetHints":{"allow":["GET"]}}],"collection":[{"href":"https:\/\/www.zannasalud.com\/tienda\/wp-json\/wp\/v2\/product"}],"about":[{"href":"https:\/\/www.zannasalud.com\/tienda\/wp-json\/wp\/v2\/types\/product"}],"wp:featuredmedia":[{"embeddable":true,"href":"https:\/\/www.zannasalud.com\/tienda\/wp-json\/wp\/v2\/media\/4795"}],"wp:attachment":[{"href":"https:\/\/www.zannasalud.com\/tienda\/wp-json\/wp\/v2\/media?parent=31299"}],"wp:term":[{"taxonomy":"product_brand","embeddable":true,"href":"https:\/\/www.zannasalud.com\/tienda\/wp-json\/wp\/v2\/product_brand?post=31299"},{"taxonomy":"product_cat","embeddable":true,"href":"https:\/\/www.zannasalud.com\/tienda\/wp-json\/wp\/v2\/product_cat?post=31299"},{"taxonomy":"product_tag","embeddable":true,"href":"https:\/\/www.zannasalud.com\/tienda\/wp-json\/wp\/v2\/product_tag?post=31299"}],"curies":[{"name":"wp","href":"https:\/\/api.w.org\/{rel}","templated":true}]}}