{"id":31266,"date":"2020-11-18T20:25:33","date_gmt":"2020-11-18T20:25:33","guid":{"rendered":"https:\/\/silver-louse-480719.hostingersite.com\/tienda\/producto\/espejo-portatil-wavehealth-ref-zasa4965-01\/"},"modified":"2024-04-08T19:04:26","modified_gmt":"2024-04-08T19:04:26","slug":"espejo-portatil-wavehealth-ref-zasa4965-01","status":"publish","type":"product","link":"https:\/\/www.zannasalud.com\/tienda\/producto\/espejo-portatil-wavehealth-ref-zasa4965-01\/","title":{"rendered":"ESPEJO PORT\u00c1TIL WAVEHEALTH REF. ZASA4965-01"},"content":{"rendered":"<div id=\"goog-gt-tt\" class=\"skiptranslate\" dir=\"ltr\">\n<div style=\"padding: 8px;\">Un complemento eficaz a la terapia cuando se realizan actividades de expresi\u00f3n, alimentaci\u00f3n y comunicaci\u00f3n. <\/p>\n<p>Ver catalogo electronico para mayor informaci\u00f3n<br \/>\ninfo@silver-louse-480719.hostingersite.com<\/p>\n<div><\/div>\n<\/div>\n<\/div>\n<div class=\"goog-te-spinner-pos\">\n<div class=\"goog-te-spinner-animation\"><\/div>\n<\/div>\n","protected":false},"excerpt":{"rendered":"<p>Un complemento eficaz a la terapia cuando se realizan actividades de expresi\u00f3n, alimentaci\u00f3n y comunicaci\u00f3n. <\/p>\n<p>Ver catalogo electronico para mayor informaci\u00f3n<br \/>\ninfo@silver-louse-480719.hostingersite.com<\/p>\n","protected":false},"featured_media":4985,"template":"","meta":{"_acf_changed":false,"content-type":""},"product_brand":[],"product_cat":[13473,13441,13255,13269,13443,13487,13442],"product_tag":[11698],"class_list":{"0":"post-31266","1":"product","2":"type-product","3":"status-publish","4":"has-post-thumbnail","6":"product_cat-espejos","7":"product_cat-evaluacion-cognitiva","8":"product_cat-marca","9":"product_cat-wavehealth","10":"product_cat-perceptual-y-motor-new","11":"product_cat-productos-sensoriales","12":"product_cat-sensorial","13":"product_tag-wavehealth","15":"first","16":"onbackorder","17":"taxable","18":"shipping-taxable","19":"purchasable","20":"product-type-simple"},"acf":[],"_links":{"self":[{"href":"https:\/\/www.zannasalud.com\/tienda\/wp-json\/wp\/v2\/product\/31266","targetHints":{"allow":["GET"]}}],"collection":[{"href":"https:\/\/www.zannasalud.com\/tienda\/wp-json\/wp\/v2\/product"}],"about":[{"href":"https:\/\/www.zannasalud.com\/tienda\/wp-json\/wp\/v2\/types\/product"}],"wp:featuredmedia":[{"embeddable":true,"href":"https:\/\/www.zannasalud.com\/tienda\/wp-json\/wp\/v2\/media\/4985"}],"wp:attachment":[{"href":"https:\/\/www.zannasalud.com\/tienda\/wp-json\/wp\/v2\/media?parent=31266"}],"wp:term":[{"taxonomy":"product_brand","embeddable":true,"href":"https:\/\/www.zannasalud.com\/tienda\/wp-json\/wp\/v2\/product_brand?post=31266"},{"taxonomy":"product_cat","embeddable":true,"href":"https:\/\/www.zannasalud.com\/tienda\/wp-json\/wp\/v2\/product_cat?post=31266"},{"taxonomy":"product_tag","embeddable":true,"href":"https:\/\/www.zannasalud.com\/tienda\/wp-json\/wp\/v2\/product_tag?post=31266"}],"curies":[{"name":"wp","href":"https:\/\/api.w.org\/{rel}","templated":true}]}}