{"id":31023,"date":"2020-11-18T20:23:55","date_gmt":"2020-11-18T20:23:55","guid":{"rendered":"https:\/\/silver-louse-480719.hostingersite.com\/tienda\/producto\/esponja-de-bano-con-mango-de-plastico-ref-zanc38335\/"},"modified":"2025-04-04T14:31:05","modified_gmt":"2025-04-04T14:31:05","slug":"esponja-de-bano-con-mango-de-plastico-ref-zanc38335","status":"publish","type":"product","link":"https:\/\/www.zannasalud.com\/tienda\/producto\/esponja-de-bano-con-mango-de-plastico-ref-zanc38335\/","title":{"rendered":"Esponja de Ba\u00f1o con Mango de Pl\u00e1stico REF. ZANC38335"},"content":{"rendered":"<p>Desliza una peque\u00f1a barra de jab\u00f3n dentro de la esponja jabonera y l\u00e1vala sin tener que sostener una barra de jab\u00f3n resbaladiza.<br \/>\nDise\u00f1ado para personas con el uso de una sola mano.<br \/>\nIdeal para personas con alcance limitado.<br \/>\nEl mango de pl\u00e1stico mide 12&#8243; (30 cm) de largo.<br \/>\nPesa 4 onzas (113 g).<\/p>\n","protected":false},"excerpt":{"rendered":"<p>Esta esponja sostiene el jab\u00f3n por ti.<\/p>\n","protected":false},"featured_media":10255,"template":"","meta":{"_acf_changed":false,"content-type":""},"product_brand":[],"product_cat":[13450,13451,13457,13255,13276],"product_tag":[11849],"class_list":{"0":"post-31023","1":"product","2":"type-product","3":"status-publish","4":"has-post-thumbnail","6":"product_cat-ayudas-funcionales-adl","7":"product_cat-ayudas-personales","8":"product_cat-bano-y-ducha","9":"product_cat-marca","10":"product_cat-north-coast","11":"product_tag-north-coast","13":"first","14":"onbackorder","15":"taxable","16":"shipping-taxable","17":"purchasable","18":"product-type-simple"},"acf":[],"_links":{"self":[{"href":"https:\/\/www.zannasalud.com\/tienda\/wp-json\/wp\/v2\/product\/31023","targetHints":{"allow":["GET"]}}],"collection":[{"href":"https:\/\/www.zannasalud.com\/tienda\/wp-json\/wp\/v2\/product"}],"about":[{"href":"https:\/\/www.zannasalud.com\/tienda\/wp-json\/wp\/v2\/types\/product"}],"wp:featuredmedia":[{"embeddable":true,"href":"https:\/\/www.zannasalud.com\/tienda\/wp-json\/wp\/v2\/media\/10255"}],"wp:attachment":[{"href":"https:\/\/www.zannasalud.com\/tienda\/wp-json\/wp\/v2\/media?parent=31023"}],"wp:term":[{"taxonomy":"product_brand","embeddable":true,"href":"https:\/\/www.zannasalud.com\/tienda\/wp-json\/wp\/v2\/product_brand?post=31023"},{"taxonomy":"product_cat","embeddable":true,"href":"https:\/\/www.zannasalud.com\/tienda\/wp-json\/wp\/v2\/product_cat?post=31023"},{"taxonomy":"product_tag","embeddable":true,"href":"https:\/\/www.zannasalud.com\/tienda\/wp-json\/wp\/v2\/product_tag?post=31023"}],"curies":[{"name":"wp","href":"https:\/\/api.w.org\/{rel}","templated":true}]}}