{"id":31004,"date":"2020-11-18T20:23:48","date_gmt":"2020-11-18T20:23:48","guid":{"rendered":"https:\/\/silver-louse-480719.hostingersite.com\/tienda\/producto\/test-bay-area-evaluacion-de-desempeno-funcional-bafpe-bay-area-functional-performance-evaluation-ref-zasa4911\/"},"modified":"2024-04-08T19:03:42","modified_gmt":"2024-04-08T19:03:42","slug":"test-bay-area-evaluacion-de-desempeno-funcional-bafpe-bay-area-functional-performance-evaluation-ref-zasa4911","status":"publish","type":"product","link":"https:\/\/www.zannasalud.com\/tienda\/producto\/test-bay-area-evaluacion-de-desempeno-funcional-bafpe-bay-area-functional-performance-evaluation-ref-zasa4911\/","title":{"rendered":"TEST BAY AREA EVALUACION DE DESEMPE\u00d1O FUNCIONAL. BAFPE\u2122 (BAY AREA FUNCTIONAL PERFORMANCE EVALUATION) REF. ZASA4911"},"content":{"rendered":"<div id=\"goog-gt-tt\" class=\"skiptranslate\" dir=\"ltr\">\n<div style=\"padding: 8px;\">Para asistir al desempe\u00f1o funcional psiqui\u00e1trico, lesi\u00f3n en el cerebro, geri\u00e1trico, incapacidad del desarrollo en adultos o adolecentes. Puede usarse para tratamiento, estudios de casos y documentaci\u00f3n.<\/p>\n<div><\/div>\n<\/div>\n<\/div>\n<div class=\"goog-te-spinner-pos\">\n<div class=\"goog-te-spinner-animation\"><\/div>\n<\/div>\n","protected":false},"excerpt":{"rendered":"<p>Para asistir al desempe\u00f1o funcional psiqui\u00e1trico, lesi\u00f3n en el cerebro, geri\u00e1trico, incapacidad del desarrollo en adultos o adolecentes. Puede usarse para tratamiento, estudios de casos y documentaci\u00f3n.<\/p>\n","protected":false},"featured_media":5134,"template":"","meta":{"_acf_changed":false,"content-type":""},"product_brand":[],"product_cat":[13441,13446,13255,13313,13443,13442,13448],"product_tag":[12003],"class_list":{"0":"post-31004","1":"product","2":"type-product","3":"status-publish","4":"has-post-thumbnail","6":"product_cat-evaluacion-cognitiva","7":"product_cat-evaluacion-y-terapia","8":"product_cat-marca","9":"product_cat-patterson-medical","10":"product_cat-perceptual-y-motor-new","11":"product_cat-sensorial","12":"product_cat-test","13":"product_tag-patterson-medical","15":"first","16":"onbackorder","17":"taxable","18":"shipping-taxable","19":"purchasable","20":"product-type-simple"},"acf":[],"_links":{"self":[{"href":"https:\/\/www.zannasalud.com\/tienda\/wp-json\/wp\/v2\/product\/31004","targetHints":{"allow":["GET"]}}],"collection":[{"href":"https:\/\/www.zannasalud.com\/tienda\/wp-json\/wp\/v2\/product"}],"about":[{"href":"https:\/\/www.zannasalud.com\/tienda\/wp-json\/wp\/v2\/types\/product"}],"wp:featuredmedia":[{"embeddable":true,"href":"https:\/\/www.zannasalud.com\/tienda\/wp-json\/wp\/v2\/media\/5134"}],"wp:attachment":[{"href":"https:\/\/www.zannasalud.com\/tienda\/wp-json\/wp\/v2\/media?parent=31004"}],"wp:term":[{"taxonomy":"product_brand","embeddable":true,"href":"https:\/\/www.zannasalud.com\/tienda\/wp-json\/wp\/v2\/product_brand?post=31004"},{"taxonomy":"product_cat","embeddable":true,"href":"https:\/\/www.zannasalud.com\/tienda\/wp-json\/wp\/v2\/product_cat?post=31004"},{"taxonomy":"product_tag","embeddable":true,"href":"https:\/\/www.zannasalud.com\/tienda\/wp-json\/wp\/v2\/product_tag?post=31004"}],"curies":[{"name":"wp","href":"https:\/\/api.w.org\/{rel}","templated":true}]}}