{"id":30995,"date":"2020-11-18T20:23:48","date_gmt":"2020-11-18T20:23:48","guid":{"rendered":"https:\/\/silver-louse-480719.hostingersite.com\/tienda\/producto\/test-oconnor-finger-dexterity-ref-zanc70015\/"},"modified":"2025-04-04T14:31:03","modified_gmt":"2025-04-04T14:31:03","slug":"test-oconnor-finger-dexterity-ref-zanc70015","status":"publish","type":"product","link":"https:\/\/www.zannasalud.com\/tienda\/producto\/test-oconnor-finger-dexterity-ref-zanc70015\/","title":{"rendered":"TEST O&#8217;CONNOR FINGER DEXTERITY REF. ZANC70015"},"content":{"rendered":"<p>Este tablero aut\u00f3nomo incluye pasadores de lat\u00f3n que se colocan en una serie de agujeros.<br \/>\nUtil\u00edcelo para evaluar la manipulaci\u00f3n de piezas peque\u00f1as.<br \/>\nLa prueba se puede utilizar en aplicaciones cl\u00ednicas, de investigaci\u00f3n e industriales.<br \/>\nIncluye instrucciones para pruebas y datos normativos.<\/p>\n","protected":false},"excerpt":{"rendered":"<p>Prueba ideal para evaluar la manipulaci\u00f3n de la destreza de piezas peque\u00f1as.<\/p>\n","protected":false},"featured_media":4931,"template":"","meta":{"_acf_changed":false,"content-type":""},"product_brand":[],"product_cat":[13445,13441,13444,13255,13276,13443,13442],"product_tag":[11849],"class_list":{"0":"post-30995","1":"product","2":"type-product","3":"status-publish","4":"has-post-thumbnail","6":"product_cat-actividades-de-motricidad-fina","7":"product_cat-evaluacion-cognitiva","8":"product_cat-manipulativos","9":"product_cat-marca","10":"product_cat-north-coast","11":"product_cat-perceptual-y-motor-new","12":"product_cat-sensorial","13":"product_tag-north-coast","15":"first","16":"onbackorder","17":"taxable","18":"shipping-taxable","19":"purchasable","20":"product-type-simple"},"acf":[],"_links":{"self":[{"href":"https:\/\/www.zannasalud.com\/tienda\/wp-json\/wp\/v2\/product\/30995","targetHints":{"allow":["GET"]}}],"collection":[{"href":"https:\/\/www.zannasalud.com\/tienda\/wp-json\/wp\/v2\/product"}],"about":[{"href":"https:\/\/www.zannasalud.com\/tienda\/wp-json\/wp\/v2\/types\/product"}],"wp:featuredmedia":[{"embeddable":true,"href":"https:\/\/www.zannasalud.com\/tienda\/wp-json\/wp\/v2\/media\/4931"}],"wp:attachment":[{"href":"https:\/\/www.zannasalud.com\/tienda\/wp-json\/wp\/v2\/media?parent=30995"}],"wp:term":[{"taxonomy":"product_brand","embeddable":true,"href":"https:\/\/www.zannasalud.com\/tienda\/wp-json\/wp\/v2\/product_brand?post=30995"},{"taxonomy":"product_cat","embeddable":true,"href":"https:\/\/www.zannasalud.com\/tienda\/wp-json\/wp\/v2\/product_cat?post=30995"},{"taxonomy":"product_tag","embeddable":true,"href":"https:\/\/www.zannasalud.com\/tienda\/wp-json\/wp\/v2\/product_tag?post=30995"}],"curies":[{"name":"wp","href":"https:\/\/api.w.org\/{rel}","templated":true}]}}