{"id":30990,"date":"2020-11-18T20:23:41","date_gmt":"2020-11-18T20:23:41","guid":{"rendered":"https:\/\/silver-louse-480719.hostingersite.com\/tienda\/producto\/test-de-destreza-funcional-north-coast-ref-zanc32152\/"},"modified":"2025-04-04T14:31:02","modified_gmt":"2025-04-04T14:31:02","slug":"test-de-destreza-funcional-north-coast-ref-zanc32152","status":"publish","type":"product","link":"https:\/\/www.zannasalud.com\/tienda\/producto\/test-de-destreza-funcional-north-coast-ref-zanc32152\/","title":{"rendered":"TEST DE DESTREZA FUNCIONAL NORTH COAST\u2122 REF. ZANC32152"},"content":{"rendered":"<p>Mejorar la coordinaci\u00f3n mano-ojo, el seguimiento de instrucciones, la concentraci\u00f3n, la resoluci\u00f3n de problemas, la multitarea y el reconocimiento de patrones.<br \/>\nAyude a registrar y realizar un seguimiento de la coordinaci\u00f3n, flexibilidad y destreza de las manos.<br \/>\nPrueba la manipulaci\u00f3n din\u00e1mica en la mano utilizando la prehensi\u00f3n del mandril de 3 mordazas en lugar de los patrones de agarre est\u00e1tico o de sujeci\u00f3n-liberaci\u00f3n examinados por otras pruebas de destreza.<br \/>\nLa prueba consiste en dar la vuelta a 16 clavijas lo m\u00e1s r\u00e1pido posible de forma secuencial.<br \/>\nSe administra en menos de dos minutos, lo que se adapta tanto a la capacidad de atenci\u00f3n de un ni\u00f1o como a un entorno cl\u00ednico ajetreado.<br \/>\nIncluye la Hoja de Puntuaci\u00f3n del Nivel Funcional del Adulto basada en el dominio de la mano y la velocidad normal de realizaci\u00f3n de las actividades de la vida diaria utilizando un patr\u00f3n de prensi\u00f3n de mandril de tres mand\u00edbulas.<br \/>\nProporciona una \u00abtabla de crecimiento\u00bb para que la poblaci\u00f3n pedi\u00e1trica prediga la destreza en el desarrollo.<br \/>\nEl tablero de madera dura mide 8&#8243; (21 cm) cuadrados y tiene una cubierta de bloqueo. Las clavijas de madera miden 9\/10&#8243; (2,2 cm) de di\u00e1metro y 1-6\/10&#8243; (4,0 cm) de largo.<\/p>\n","protected":false},"excerpt":{"rendered":"<p>Prueba de destreza r\u00e1pida y sencilla para adultos y ni\u00f1os, tal y como se describe en el Journal of Hand Therapy* y el Journal Hand Surgery America*.<\/p>\n","protected":false},"featured_media":4925,"template":"","meta":{"_acf_changed":false,"content-type":""},"product_brand":[],"product_cat":[13445,13441,13444,13255,13276,13443,13442],"product_tag":[11849],"class_list":{"0":"post-30990","1":"product","2":"type-product","3":"status-publish","4":"has-post-thumbnail","6":"product_cat-actividades-de-motricidad-fina","7":"product_cat-evaluacion-cognitiva","8":"product_cat-manipulativos","9":"product_cat-marca","10":"product_cat-north-coast","11":"product_cat-perceptual-y-motor-new","12":"product_cat-sensorial","13":"product_tag-north-coast","15":"first","16":"onbackorder","17":"taxable","18":"shipping-taxable","19":"purchasable","20":"product-type-simple"},"acf":[],"_links":{"self":[{"href":"https:\/\/www.zannasalud.com\/tienda\/wp-json\/wp\/v2\/product\/30990","targetHints":{"allow":["GET"]}}],"collection":[{"href":"https:\/\/www.zannasalud.com\/tienda\/wp-json\/wp\/v2\/product"}],"about":[{"href":"https:\/\/www.zannasalud.com\/tienda\/wp-json\/wp\/v2\/types\/product"}],"wp:featuredmedia":[{"embeddable":true,"href":"https:\/\/www.zannasalud.com\/tienda\/wp-json\/wp\/v2\/media\/4925"}],"wp:attachment":[{"href":"https:\/\/www.zannasalud.com\/tienda\/wp-json\/wp\/v2\/media?parent=30990"}],"wp:term":[{"taxonomy":"product_brand","embeddable":true,"href":"https:\/\/www.zannasalud.com\/tienda\/wp-json\/wp\/v2\/product_brand?post=30990"},{"taxonomy":"product_cat","embeddable":true,"href":"https:\/\/www.zannasalud.com\/tienda\/wp-json\/wp\/v2\/product_cat?post=30990"},{"taxonomy":"product_tag","embeddable":true,"href":"https:\/\/www.zannasalud.com\/tienda\/wp-json\/wp\/v2\/product_tag?post=30990"}],"curies":[{"name":"wp","href":"https:\/\/api.w.org\/{rel}","templated":true}]}}