{"id":30956,"date":"2020-11-18T20:23:34","date_gmt":"2020-11-18T20:23:34","guid":{"rendered":"https:\/\/silver-louse-480719.hostingersite.com\/tienda\/producto\/goniometro-180-extensible-baseline-ref-zafab-12-1035\/"},"modified":"2025-04-04T14:30:59","modified_gmt":"2025-04-04T14:30:59","slug":"goniometro-180-extensible-baseline-ref-zafab-12-1035","status":"publish","type":"product","link":"https:\/\/www.zannasalud.com\/tienda\/producto\/goniometro-180-extensible-baseline-ref-zafab-12-1035\/","title":{"rendered":"GONI\u00d3METRO 180  EXTENSIBLE BASELINE\u00ae REF. ZAFAB.12-1035"},"content":{"rendered":"<p>El goni\u00f3metro extensible ofrece una escala f\u00e1cil de leer y una longitud de pata ajustable para medir articulaciones grandes y peque\u00f1as. Brazos de acero que se extienden de 91\/2&#8243; a 26&#8243;. Lente de aumento de 4x para leer la escala dual de 180\u00b0.<\/p>\n","protected":false},"excerpt":{"rendered":"<p>Goni\u00f3metro para articulaciones grandes y peque\u00f1as<\/p>\n","protected":false},"featured_media":4109,"template":"","meta":{"_acf_changed":false,"content-type":""},"product_brand":[],"product_cat":[13417,13255,13311,13409,13375],"product_tag":[11858],"class_list":{"0":"post-30956","1":"product","2":"type-product","3":"status-publish","4":"has-post-thumbnail","6":"product_cat-goniometros","7":"product_cat-marca","8":"product_cat-fabrication-enterpreses","9":"product_cat-obtencion-de-datos","10":"product_cat-rango-de-movimiento","11":"product_tag-fabrication-enterpreses","13":"first","14":"onbackorder","15":"taxable","16":"shipping-taxable","17":"purchasable","18":"product-type-simple"},"acf":[],"_links":{"self":[{"href":"https:\/\/www.zannasalud.com\/tienda\/wp-json\/wp\/v2\/product\/30956","targetHints":{"allow":["GET"]}}],"collection":[{"href":"https:\/\/www.zannasalud.com\/tienda\/wp-json\/wp\/v2\/product"}],"about":[{"href":"https:\/\/www.zannasalud.com\/tienda\/wp-json\/wp\/v2\/types\/product"}],"wp:featuredmedia":[{"embeddable":true,"href":"https:\/\/www.zannasalud.com\/tienda\/wp-json\/wp\/v2\/media\/4109"}],"wp:attachment":[{"href":"https:\/\/www.zannasalud.com\/tienda\/wp-json\/wp\/v2\/media?parent=30956"}],"wp:term":[{"taxonomy":"product_brand","embeddable":true,"href":"https:\/\/www.zannasalud.com\/tienda\/wp-json\/wp\/v2\/product_brand?post=30956"},{"taxonomy":"product_cat","embeddable":true,"href":"https:\/\/www.zannasalud.com\/tienda\/wp-json\/wp\/v2\/product_cat?post=30956"},{"taxonomy":"product_tag","embeddable":true,"href":"https:\/\/www.zannasalud.com\/tienda\/wp-json\/wp\/v2\/product_tag?post=30956"}],"curies":[{"name":"wp","href":"https:\/\/api.w.org\/{rel}","templated":true}]}}