{"id":30906,"date":"2020-11-18T20:23:11","date_gmt":"2020-11-18T20:23:11","guid":{"rendered":"https:\/\/silver-louse-480719.hostingersite.com\/tienda\/producto\/tabla-para-hidroterapia-deluxe-kickboard-with-2-hand-cut-outs-blue-and-red-ref-zasa20-4110b-r\/"},"modified":"2025-04-04T14:30:53","modified_gmt":"2025-04-04T14:30:53","slug":"tabla-para-hidroterapia-deluxe-kickboard-with-2-hand-cut-outs-blue-and-red-ref-zasa20-4110b-r","status":"publish","type":"product","link":"https:\/\/www.zannasalud.com\/tienda\/producto\/tabla-para-hidroterapia-deluxe-kickboard-with-2-hand-cut-outs-blue-and-red-ref-zasa20-4110b-r\/","title":{"rendered":"TABLA PARA HIDROTERAPIA DELUXE KICKBOARD CON CORTE PARA DOS MANOS  REF. ZASA20-4110B \/R"},"content":{"rendered":"<p>Espuma de alta densidad con 2 empu\u00f1aduras recortadas. Dise\u00f1ado para la comodidad y el rendimiento.<\/p>\n","protected":false},"excerpt":{"rendered":"<p>Espuma confortable con 2 empu\u00f1aduras dise\u00f1adas. Dise\u00f1ado para la comodidad y el rendimiento.<\/p>\n","protected":false},"featured_media":10117,"template":"","meta":{"_acf_changed":false,"content-type":""},"product_brand":[],"product_cat":[13406,13393,13255,13311,13407],"product_tag":[11858],"class_list":{"0":"post-30906","1":"product","2":"type-product","3":"status-publish","4":"has-post-thumbnail","6":"product_cat-acuaterapia","7":"product_cat-ejercitando","8":"product_cat-marca","9":"product_cat-fabrication-enterpreses","10":"product_cat-pesas-y-flotadores","11":"product_tag-fabrication-enterpreses","13":"first","14":"onbackorder","15":"taxable","16":"shipping-taxable","17":"purchasable","18":"product-type-simple"},"acf":[],"_links":{"self":[{"href":"https:\/\/www.zannasalud.com\/tienda\/wp-json\/wp\/v2\/product\/30906","targetHints":{"allow":["GET"]}}],"collection":[{"href":"https:\/\/www.zannasalud.com\/tienda\/wp-json\/wp\/v2\/product"}],"about":[{"href":"https:\/\/www.zannasalud.com\/tienda\/wp-json\/wp\/v2\/types\/product"}],"wp:featuredmedia":[{"embeddable":true,"href":"https:\/\/www.zannasalud.com\/tienda\/wp-json\/wp\/v2\/media\/10117"}],"wp:attachment":[{"href":"https:\/\/www.zannasalud.com\/tienda\/wp-json\/wp\/v2\/media?parent=30906"}],"wp:term":[{"taxonomy":"product_brand","embeddable":true,"href":"https:\/\/www.zannasalud.com\/tienda\/wp-json\/wp\/v2\/product_brand?post=30906"},{"taxonomy":"product_cat","embeddable":true,"href":"https:\/\/www.zannasalud.com\/tienda\/wp-json\/wp\/v2\/product_cat?post=30906"},{"taxonomy":"product_tag","embeddable":true,"href":"https:\/\/www.zannasalud.com\/tienda\/wp-json\/wp\/v2\/product_tag?post=30906"}],"curies":[{"name":"wp","href":"https:\/\/api.w.org\/{rel}","templated":true}]}}