{"id":30833,"date":"2020-11-18T20:22:40","date_gmt":"2020-11-18T20:22:40","guid":{"rendered":"https:\/\/silver-louse-480719.hostingersite.com\/tienda\/producto\/caminadora-710-cardio-kids-junior-kidsfit-ref-zakids710\/"},"modified":"2024-04-08T19:03:30","modified_gmt":"2024-04-08T19:03:30","slug":"caminadora-710-cardio-kids-junior-kidsfit-ref-zakids710","status":"publish","type":"product","link":"https:\/\/www.zannasalud.com\/tienda\/producto\/caminadora-710-cardio-kids-junior-kidsfit-ref-zakids710\/","title":{"rendered":"CAMINADORA 710 CARDIO KIDS JUNIOR KIDSFIT REF. ZAKIDS710"},"content":{"rendered":"<div id=\"goog-gt-tt\" class=\"skiptranslate\" dir=\"ltr\">\n<div style=\"padding: 8px;\">Esta cinta es el favorito de los ni\u00f1os de todas las edades! (7+) El motor de 3 caballos de potencia combinado con acero reforzado corriendo marco proporciona a los operadores de las instalaciones de la capacidad para trabajar con ni\u00f1os de hasta 300 libras. Esta unidad viene con todas las campanas y silbatos para ayudar a motivar a los ni\u00f1os a ser activos y en forma. Barandillas laterales de seguridad y lectura de ordenador para ni\u00f1os son de serie. L = 70 \u00abW = 32\u00bb HT = 48 \u00abHT = de 215 libras Para ni\u00f1os de 7 +<\/p>\n<div><\/div>\n<\/div>\n<\/div>\n<div class=\"goog-te-spinner-pos\">\n<div class=\"goog-te-spinner-animation\"><\/div>\n<\/div>\n","protected":false},"excerpt":{"rendered":"<p>Esta cinta es el favorito de los ni\u00f1os de todas las edades! (7+) El motor de 3 caballos de potencia combinado con acero reforzado corriendo marco proporciona a los operadores de las instalaciones de la capacidad para trabajar con ni\u00f1os de hasta 300 libras. Esta unidad viene con todas las campanas y silbatos para ayudar a motivar a los ni\u00f1os a ser activos y en forma. Barandillas laterales de seguridad y lectura de ordenador para ni\u00f1os son de serie. L = 70 \u00abW = 32\u00bb HT = 48 \u00abHT = de 215 libras Para ni\u00f1os de 7 +<\/p>\n","protected":false},"featured_media":4037,"template":"","meta":{"_acf_changed":false,"content-type":""},"product_brand":[],"product_cat":[13386,13255,13387,13368],"product_tag":[12654],"class_list":{"0":"post-30833","1":"product","2":"type-product","3":"status-publish","4":"has-post-thumbnail","6":"product_cat-maquinas-de-ejercicio-pediatricas","7":"product_cat-marca","8":"product_cat-kids-fit","9":"product_cat-mecanoterapia","10":"product_tag-kids-fit","12":"first","13":"onbackorder","14":"taxable","15":"shipping-taxable","16":"purchasable","17":"product-type-simple"},"acf":[],"_links":{"self":[{"href":"https:\/\/www.zannasalud.com\/tienda\/wp-json\/wp\/v2\/product\/30833","targetHints":{"allow":["GET"]}}],"collection":[{"href":"https:\/\/www.zannasalud.com\/tienda\/wp-json\/wp\/v2\/product"}],"about":[{"href":"https:\/\/www.zannasalud.com\/tienda\/wp-json\/wp\/v2\/types\/product"}],"wp:featuredmedia":[{"embeddable":true,"href":"https:\/\/www.zannasalud.com\/tienda\/wp-json\/wp\/v2\/media\/4037"}],"wp:attachment":[{"href":"https:\/\/www.zannasalud.com\/tienda\/wp-json\/wp\/v2\/media?parent=30833"}],"wp:term":[{"taxonomy":"product_brand","embeddable":true,"href":"https:\/\/www.zannasalud.com\/tienda\/wp-json\/wp\/v2\/product_brand?post=30833"},{"taxonomy":"product_cat","embeddable":true,"href":"https:\/\/www.zannasalud.com\/tienda\/wp-json\/wp\/v2\/product_cat?post=30833"},{"taxonomy":"product_tag","embeddable":true,"href":"https:\/\/www.zannasalud.com\/tienda\/wp-json\/wp\/v2\/product_tag?post=30833"}],"curies":[{"name":"wp","href":"https:\/\/api.w.org\/{rel}","templated":true}]}}