{"id":30797,"date":"2020-11-18T20:22:30","date_gmt":"2020-11-18T20:22:30","guid":{"rendered":"https:\/\/silver-louse-480719.hostingersite.com\/tienda\/producto\/cpm-kinetec-spectra-knee-ref-zasa0815-27514\/"},"modified":"2024-04-08T19:03:25","modified_gmt":"2024-04-08T19:03:25","slug":"cpm-kinetec-spectra-knee-ref-zasa0815-27514","status":"publish","type":"product","link":"https:\/\/www.zannasalud.com\/tienda\/producto\/cpm-kinetec-spectra-knee-ref-zasa0815-27514\/","title":{"rendered":"CPM KINETEC SPECTRA KNEE REF. ZASA0815-27514"},"content":{"rendered":"<div id=\"goog-gt-tt\" class=\"skiptranslate\" dir=\"ltr\">\n<div style=\"padding: 8px;\">Especialmente para las necesidades de los pacientes de rodilla.<br \/>\nLigero y excepcionalmente f\u00e1cil de llevar, Spectra ofrece un modo r\u00e1pido de configuraci\u00f3n y pr\u00e1cticas que mejoran la comodidad del paciente, el cumplimiento y los resultados.<\/p>\n<div><\/div>\n<\/div>\n<\/div>\n<div class=\"goog-te-spinner-pos\">\n<div class=\"goog-te-spinner-animation\"><\/div>\n<\/div>\n","protected":false},"excerpt":{"rendered":"<p>Especialmente para las necesidades de los pacientes de rodilla.<br \/>\nLigero y excepcionalmente f\u00e1cil de llevar, Spectra ofrece un modo r\u00e1pido de configuraci\u00f3n y pr\u00e1cticas que mejoran la comodidad del paciente, el cumplimiento y los resultados.<\/p>\n","protected":false},"featured_media":3974,"template":"","meta":{"_acf_changed":false,"content-type":""},"product_brand":[],"product_cat":[13371,13255,13313,13368],"product_tag":[12003],"class_list":{"0":"post-30797","1":"product","2":"type-product","3":"status-publish","4":"has-post-thumbnail","6":"product_cat-cpm","7":"product_cat-marca","8":"product_cat-patterson-medical","9":"product_cat-mecanoterapia","10":"product_tag-patterson-medical","12":"first","13":"onbackorder","14":"taxable","15":"shipping-taxable","16":"purchasable","17":"product-type-simple"},"acf":[],"_links":{"self":[{"href":"https:\/\/www.zannasalud.com\/tienda\/wp-json\/wp\/v2\/product\/30797","targetHints":{"allow":["GET"]}}],"collection":[{"href":"https:\/\/www.zannasalud.com\/tienda\/wp-json\/wp\/v2\/product"}],"about":[{"href":"https:\/\/www.zannasalud.com\/tienda\/wp-json\/wp\/v2\/types\/product"}],"wp:featuredmedia":[{"embeddable":true,"href":"https:\/\/www.zannasalud.com\/tienda\/wp-json\/wp\/v2\/media\/3974"}],"wp:attachment":[{"href":"https:\/\/www.zannasalud.com\/tienda\/wp-json\/wp\/v2\/media?parent=30797"}],"wp:term":[{"taxonomy":"product_brand","embeddable":true,"href":"https:\/\/www.zannasalud.com\/tienda\/wp-json\/wp\/v2\/product_brand?post=30797"},{"taxonomy":"product_cat","embeddable":true,"href":"https:\/\/www.zannasalud.com\/tienda\/wp-json\/wp\/v2\/product_cat?post=30797"},{"taxonomy":"product_tag","embeddable":true,"href":"https:\/\/www.zannasalud.com\/tienda\/wp-json\/wp\/v2\/product_tag?post=30797"}],"curies":[{"name":"wp","href":"https:\/\/api.w.org\/{rel}","templated":true}]}}