{"id":30720,"date":"2020-11-18T20:21:54","date_gmt":"2020-11-18T20:21:54","guid":{"rendered":"https:\/\/silver-louse-480719.hostingersite.com\/tienda\/producto\/espuma-fabrifoam-finger-buddy-strap-paquete-por-5-ref-zanc15399-2\/"},"modified":"2025-04-04T14:30:41","modified_gmt":"2025-04-04T14:30:41","slug":"espuma-fabrifoam-finger-buddy-strap-paquete-por-5-ref-zanc15399-2","status":"publish","type":"product","link":"https:\/\/www.zannasalud.com\/tienda\/producto\/espuma-fabrifoam-finger-buddy-strap-paquete-por-5-ref-zanc15399-2\/","title":{"rendered":"ESPUMA FABRIFOAM\u00ae FINGER BUDDY STRAP. PAQUETE POR 5 REF. ZANC15399-2"},"content":{"rendered":"<p>Hecho de espuma\u00ae de fibra fina, que es antideslizante y ligeramente el\u00e1stica.<br \/>\nDos correas se fusionan sin costura entre los dedos para una m\u00e1xima comodidad.<br \/>\nApoya, protege y aumenta el rango de movimiento en un dedo lesionado mediante el uso de la fuerza de un dedo adyacente.<br \/>\nIdeal para distensiones, contracturas y reparaci\u00f3n post-tendinosa.<br \/>\nLas correas se abrochan f\u00e1cilmente con cierres de gancho de perfil bajo para lograr un ajuste ce\u00f1ido y c\u00f3modo alrededor de los dedos.<br \/>\nDe color azul.<br \/>\nSe vende en paquetes de 5.<br \/>\nPara medir el tama\u00f1o, mida la falange proximal del dedo m\u00e1s largo involucrado. Recorte el largo y el ancho para adaptarse a cualquier tama\u00f1o de dedo.<\/p>\n","protected":false},"excerpt":{"rendered":"<p>envoltura a base de espuma mantiene dos dedos juntos para fomentar el movimiento de las articulaciones sin exceso de volumen.<\/p>\n","protected":false},"featured_media":9812,"template":"","meta":{"_acf_changed":false,"content-type":""},"product_brand":[],"product_cat":[13351,13255,13276,13338,13347],"product_tag":[11849],"class_list":{"0":"post-30720","1":"product","2":"type-product","3":"status-publish","4":"has-post-thumbnail","6":"product_cat-accesorio-ferulaje-velcros-almohadillas-y-revestimientos","7":"product_cat-marca","8":"product_cat-north-coast","9":"product_cat-terapia-para-miembro-superior","10":"product_cat-ferulaje","11":"product_tag-north-coast","13":"first","14":"instock","15":"shipping-taxable","16":"purchasable","17":"product-type-simple"},"acf":[],"_links":{"self":[{"href":"https:\/\/www.zannasalud.com\/tienda\/wp-json\/wp\/v2\/product\/30720","targetHints":{"allow":["GET"]}}],"collection":[{"href":"https:\/\/www.zannasalud.com\/tienda\/wp-json\/wp\/v2\/product"}],"about":[{"href":"https:\/\/www.zannasalud.com\/tienda\/wp-json\/wp\/v2\/types\/product"}],"wp:featuredmedia":[{"embeddable":true,"href":"https:\/\/www.zannasalud.com\/tienda\/wp-json\/wp\/v2\/media\/9812"}],"wp:attachment":[{"href":"https:\/\/www.zannasalud.com\/tienda\/wp-json\/wp\/v2\/media?parent=30720"}],"wp:term":[{"taxonomy":"product_brand","embeddable":true,"href":"https:\/\/www.zannasalud.com\/tienda\/wp-json\/wp\/v2\/product_brand?post=30720"},{"taxonomy":"product_cat","embeddable":true,"href":"https:\/\/www.zannasalud.com\/tienda\/wp-json\/wp\/v2\/product_cat?post=30720"},{"taxonomy":"product_tag","embeddable":true,"href":"https:\/\/www.zannasalud.com\/tienda\/wp-json\/wp\/v2\/product_tag?post=30720"}],"curies":[{"name":"wp","href":"https:\/\/api.w.org\/{rel}","templated":true}]}}