{"id":30703,"date":"2020-11-18T20:21:46","date_gmt":"2020-11-18T20:21:46","guid":{"rendered":"https:\/\/silver-louse-480719.hostingersite.com\/tienda\/producto\/succionador-de-cicatriz-north-coast-ref-zanc70200\/"},"modified":"2025-04-04T14:30:39","modified_gmt":"2025-04-04T14:30:39","slug":"succionador-de-cicatriz-north-coast-ref-zanc70200","status":"publish","type":"product","link":"https:\/\/www.zannasalud.com\/tienda\/producto\/succionador-de-cicatriz-north-coast-ref-zanc70200\/","title":{"rendered":"SUCCIONADOR DE CICATRIZ NORTH COAST\u2122 REF. ZANC70200"},"content":{"rendered":"<p>El vac\u00edo parcial crea una presi\u00f3n externa negativa, que aleja la piel del cuerpo.<br \/>\nCuenta con un \u00e9mbolo con cuatro tama\u00f1os de copa diferentes que se adaptan a una variedad de contornos corporales.<\/p>\n","protected":false},"excerpt":{"rendered":"<p>Herramienta de succi\u00f3n de cicatr\u00edz f\u00e1cil de usar.<\/p>\n","protected":false},"featured_media":6303,"template":"","meta":{"_acf_changed":false,"content-type":""},"product_brand":[],"product_cat":[13346,13255,13276,13338],"product_tag":[11849],"class_list":{"0":"post-30703","1":"product","2":"type-product","3":"status-publish","4":"has-post-thumbnail","6":"product_cat-manejo-de-cicatriz-e-hipersensibilidad","7":"product_cat-marca","8":"product_cat-north-coast","9":"product_cat-terapia-para-miembro-superior","10":"product_tag-north-coast","12":"first","13":"instock","14":"taxable","15":"shipping-taxable","16":"purchasable","17":"product-type-simple"},"acf":[],"_links":{"self":[{"href":"https:\/\/www.zannasalud.com\/tienda\/wp-json\/wp\/v2\/product\/30703","targetHints":{"allow":["GET"]}}],"collection":[{"href":"https:\/\/www.zannasalud.com\/tienda\/wp-json\/wp\/v2\/product"}],"about":[{"href":"https:\/\/www.zannasalud.com\/tienda\/wp-json\/wp\/v2\/types\/product"}],"wp:featuredmedia":[{"embeddable":true,"href":"https:\/\/www.zannasalud.com\/tienda\/wp-json\/wp\/v2\/media\/6303"}],"wp:attachment":[{"href":"https:\/\/www.zannasalud.com\/tienda\/wp-json\/wp\/v2\/media?parent=30703"}],"wp:term":[{"taxonomy":"product_brand","embeddable":true,"href":"https:\/\/www.zannasalud.com\/tienda\/wp-json\/wp\/v2\/product_brand?post=30703"},{"taxonomy":"product_cat","embeddable":true,"href":"https:\/\/www.zannasalud.com\/tienda\/wp-json\/wp\/v2\/product_cat?post=30703"},{"taxonomy":"product_tag","embeddable":true,"href":"https:\/\/www.zannasalud.com\/tienda\/wp-json\/wp\/v2\/product_tag?post=30703"}],"curies":[{"name":"wp","href":"https:\/\/api.w.org\/{rel}","templated":true}]}}