{"id":30702,"date":"2020-11-18T20:21:46","date_gmt":"2020-11-18T20:21:46","guid":{"rendered":"https:\/\/silver-louse-480719.hostingersite.com\/tienda\/producto\/mini-vibrador-desensibilizador-north-coast-ref-zanc70209\/"},"modified":"2025-04-04T14:30:39","modified_gmt":"2025-04-04T14:30:39","slug":"mini-vibrador-desensibilizador-north-coast-ref-zanc70209","status":"publish","type":"product","link":"https:\/\/www.zannasalud.com\/tienda\/producto\/mini-vibrador-desensibilizador-north-coast-ref-zanc70209\/","title":{"rendered":"MINI VIBRADOR DESENSIBILIZADOR NORTH COAST\u2122 REF. ZANC70209"},"content":{"rendered":"<p>Tres cabezales de silicona natural masajean peque\u00f1as zonas musculares.<br \/>\nSeleccione el accesorio de bola, punto o disco plano m\u00e1s apropiado para el \u00e1rea que se est\u00e1 masajeando.<br \/>\nLa gorra masajea las zonas musculares m\u00e1s amplias.<br \/>\nEste 5&#8243; (13cm) de largo, 5-1\/2oz. El vibrador (156 g) cabe f\u00e1cilmente en un malet\u00edn u otro tipo de equipaje para viajar.<br \/>\nExcelente para uso dom\u00e9stico.<br \/>\nLa bater\u00eda de tama\u00f1o \u00abC\u00bb incluida es f\u00e1cil de insertar y quitar.<br \/>\nIncluye una garant\u00eda de 90 d\u00edas.<br \/>\nNo est\u00e1 fabricado con l\u00e1tex de caucho natural.<\/p>\n","protected":false},"excerpt":{"rendered":"<p>Ideal para masaje de cicatrices, desensibilizaci\u00f3n, estimulaci\u00f3n muscular, estimulaci\u00f3n oral y reeducaci\u00f3n sensorial.<\/p>\n","protected":false},"featured_media":4629,"template":"","meta":{"_acf_changed":false,"content-type":""},"product_brand":[],"product_cat":[13346,13255,13276,13338],"product_tag":[11849],"class_list":{"0":"post-30702","1":"product","2":"type-product","3":"status-publish","4":"has-post-thumbnail","6":"product_cat-manejo-de-cicatriz-e-hipersensibilidad","7":"product_cat-marca","8":"product_cat-north-coast","9":"product_cat-terapia-para-miembro-superior","10":"product_tag-north-coast","12":"first","13":"instock","14":"taxable","15":"shipping-taxable","16":"purchasable","17":"product-type-simple"},"acf":[],"_links":{"self":[{"href":"https:\/\/www.zannasalud.com\/tienda\/wp-json\/wp\/v2\/product\/30702","targetHints":{"allow":["GET"]}}],"collection":[{"href":"https:\/\/www.zannasalud.com\/tienda\/wp-json\/wp\/v2\/product"}],"about":[{"href":"https:\/\/www.zannasalud.com\/tienda\/wp-json\/wp\/v2\/types\/product"}],"wp:featuredmedia":[{"embeddable":true,"href":"https:\/\/www.zannasalud.com\/tienda\/wp-json\/wp\/v2\/media\/4629"}],"wp:attachment":[{"href":"https:\/\/www.zannasalud.com\/tienda\/wp-json\/wp\/v2\/media?parent=30702"}],"wp:term":[{"taxonomy":"product_brand","embeddable":true,"href":"https:\/\/www.zannasalud.com\/tienda\/wp-json\/wp\/v2\/product_brand?post=30702"},{"taxonomy":"product_cat","embeddable":true,"href":"https:\/\/www.zannasalud.com\/tienda\/wp-json\/wp\/v2\/product_cat?post=30702"},{"taxonomy":"product_tag","embeddable":true,"href":"https:\/\/www.zannasalud.com\/tienda\/wp-json\/wp\/v2\/product_tag?post=30702"}],"curies":[{"name":"wp","href":"https:\/\/api.w.org\/{rel}","templated":true}]}}