{"id":30646,"date":"2020-11-18T20:21:23","date_gmt":"2020-11-18T20:21:23","guid":{"rendered":"https:\/\/silver-louse-480719.hostingersite.com\/tienda\/producto\/plataforma-dinamografica-gamma-tecnologia-europea-ref-zaaca01-00001\/"},"modified":"2024-04-08T19:03:13","modified_gmt":"2024-04-08T19:03:13","slug":"plataforma-dinamografica-gamma-tecnologia-europea-ref-zaaca01-00001","status":"publish","type":"product","link":"https:\/\/www.zannasalud.com\/tienda\/producto\/plataforma-dinamografica-gamma-tecnologia-europea-ref-zaaca01-00001\/","title":{"rendered":"PLATAFORMA DINAMOGRAFICA GAMMA . TECNOLOGIA EUROPEA REF. ZAACA01.00001"},"content":{"rendered":"<div id=\"goog-gt-tt\" class=\"skiptranslate\" dir=\"ltr\">\n<div style=\"padding: 8px;\">Evaluaci\u00f3n y entrenamiento con ejercicios atractivos que ayudan a estimular y mejorar la coordinaci\u00f3n neuromuscular, distribuci\u00f3n del peso y equilibrio. Diagn\u00f3stico en rehabilitaci\u00f3n, estimulaci\u00f3n neurol\u00f3gica, posturografia, estabilidad, estabilometr\u00eda.<br \/>\nVENTAJAS:<br \/>\n\u2022 Medici\u00f3n de la carga din\u00e1mica y est\u00e1tica.<br \/>\n\u2022 Evaluaci\u00f3n de la balanza b\u00e1sica en la proyecci\u00f3n del centro de gravedad.<br \/>\n\u2022 De f\u00e1cil instalaci\u00f3n y uso.<br \/>\n\u2022 Software en varios idiomas.<br \/>\n\u2022 Biofeedback completo durante el entrenamiento y Diagnostico.<br \/>\n\u2022 Pantallas independientes para el paciente y el terapeuta.<br \/>\n\u2022 Grabaci\u00f3n y vista previa de las im\u00e1genes con dos c\u00e1maras de v\u00eddeo.<br \/>\n\u2022 Mediciones en varios par\u00e1metros: carga de las extremidades (izquierda y derecha), Fuerza, Aceleraci\u00f3n, posici\u00f3n COG vertical, Potencia, velocidad, Test para distribuci\u00f3n del Peso, Pruebas de salto. Amplio archivo para Base de Datos de paciente con opci\u00f3n de ser exportados a un ordenador externo. M\u00faltiples opciones de Posici\u00f3n Software con Juegos Din\u00e1micos y Modernos Creaci\u00f3n de Reportes Autom\u00e1ticos.<\/p>\n<div><\/div>\n<\/div>\n<\/div>\n<div class=\"goog-te-spinner-pos\">\n<div class=\"goog-te-spinner-animation\"><\/div>\n<\/div>\n","protected":false},"excerpt":{"rendered":"<p>Evaluaci\u00f3n y entrenamiento con ejercicios atractivos que ayudan a estimular y mejorar la coordinaci\u00f3n neuromuscular, distribuci\u00f3n del peso y equilibrio. Diagn\u00f3stico en rehabilitaci\u00f3n, estimulaci\u00f3n neurol\u00f3gica, posturografia, estabilidad, estabilometr\u00eda.<br \/>\nVENTAJAS:<br \/>\n\u2022 Medici\u00f3n de la carga din\u00e1mica y est\u00e1tica.<br \/>\n\u2022 Evaluaci\u00f3n de la balanza b\u00e1sica en la proyecci\u00f3n del centro de gravedad.<br \/>\n\u2022 De f\u00e1cil instalaci\u00f3n y uso.<br \/>\n\u2022 Software en varios idiomas.<br \/>\n\u2022 Biofeedback completo durante el entrenamiento y Diagnostico.<br \/>\n\u2022 Pantallas independientes para el paciente y el terapeuta.<br \/>\n\u2022 Grabaci\u00f3n y vista previa de las im\u00e1genes con dos c\u00e1maras de v\u00eddeo.<br \/>\n\u2022 Mediciones en varios par\u00e1metros: carga de las extremidades (izquierda y derecha), Fuerza, Aceleraci\u00f3n, posici\u00f3n COG vertical, Potencia, velocidad, Test para distribuci\u00f3n del Peso, Pruebas de salto. Amplio archivo para Base de Datos de paciente con opci\u00f3n de ser exportados a un ordenador externo. M\u00faltiples opciones de Posici\u00f3n Software con Juegos Din\u00e1micos y Modernos Creaci\u00f3n de Reportes Autom\u00e1ticos.<\/p>\n","protected":false},"featured_media":9695,"template":"","meta":{"_acf_changed":false,"content-type":""},"product_brand":[],"product_cat":[13329,13255,13301,13336],"product_tag":[11803],"class_list":{"0":"post-30646","1":"product","2":"type-product","3":"status-publish","4":"has-post-thumbnail","6":"product_cat-entrenamiento-con-alta-tecnologia-y-virtual","7":"product_cat-marca","8":"product_cat-technomex","9":"product_cat-plataformas-con-retroalimentacion","10":"product_tag-technomex","12":"first","13":"onbackorder","14":"taxable","15":"shipping-taxable","16":"purchasable","17":"product-type-simple"},"acf":[],"_links":{"self":[{"href":"https:\/\/www.zannasalud.com\/tienda\/wp-json\/wp\/v2\/product\/30646","targetHints":{"allow":["GET"]}}],"collection":[{"href":"https:\/\/www.zannasalud.com\/tienda\/wp-json\/wp\/v2\/product"}],"about":[{"href":"https:\/\/www.zannasalud.com\/tienda\/wp-json\/wp\/v2\/types\/product"}],"wp:featuredmedia":[{"embeddable":true,"href":"https:\/\/www.zannasalud.com\/tienda\/wp-json\/wp\/v2\/media\/9695"}],"wp:attachment":[{"href":"https:\/\/www.zannasalud.com\/tienda\/wp-json\/wp\/v2\/media?parent=30646"}],"wp:term":[{"taxonomy":"product_brand","embeddable":true,"href":"https:\/\/www.zannasalud.com\/tienda\/wp-json\/wp\/v2\/product_brand?post=30646"},{"taxonomy":"product_cat","embeddable":true,"href":"https:\/\/www.zannasalud.com\/tienda\/wp-json\/wp\/v2\/product_cat?post=30646"},{"taxonomy":"product_tag","embeddable":true,"href":"https:\/\/www.zannasalud.com\/tienda\/wp-json\/wp\/v2\/product_tag?post=30646"}],"curies":[{"name":"wp","href":"https:\/\/api.w.org\/{rel}","templated":true}]}}