{"id":30630,"date":"2020-11-18T20:21:14","date_gmt":"2020-11-18T20:21:14","guid":{"rendered":"https:\/\/silver-louse-480719.hostingersite.com\/tienda\/producto\/masjeador-vibrador-institucional-thumper-mini-pro-percusion-patentada-ref-zathp50890\/"},"modified":"2024-04-08T19:03:12","modified_gmt":"2024-04-08T19:03:12","slug":"masjeador-vibrador-institucional-thumper-mini-pro-percusion-patentada-ref-zathp50890","status":"publish","type":"product","link":"https:\/\/www.zannasalud.com\/tienda\/producto\/masjeador-vibrador-institucional-thumper-mini-pro-percusion-patentada-ref-zathp50890\/","title":{"rendered":"MASJEADOR VIBRADOR INSTITUCIONAL THUMPER\u00ae MINI PRO. PERCUSION PATENTADA REF. ZATHP50890"},"content":{"rendered":"<div id=\"goog-gt-tt\" class=\"skiptranslate\" dir=\"ltr\">\n<div style=\"padding: 8px;\">EL MASAJEADOR MAS PROFESIONAL DEL MERCADO. El original masajeador a percusi\u00f3n profunda patentada. Fabricado en Canada.De menor tama\u00f1o y con s\u00f3lo 2 esferas. Ideal para grupos de m\u00fasculos peque\u00f1os. Peso ligero y port\u00e1til para poder usarlo uno mismo. ofrecen directa percusi\u00f3n atravesando todas las capas del m\u00fasculo para sacar la tensi\u00f3n y relajarlo.<\/p>\n<div><\/div>\n<\/div>\n<\/div>\n<div class=\"goog-te-spinner-pos\">\n<div class=\"goog-te-spinner-animation\"><\/div>\n<\/div>\n","protected":false},"excerpt":{"rendered":"<p>EL MASAJEADOR MAS PROFESIONAL DEL MERCADO. El original masajeador a percusi\u00f3n profunda patentada. Fabricado en Canada.De menor tama\u00f1o y con s\u00f3lo 2 esferas. Ideal para grupos de m\u00fasculos peque\u00f1os. Peso ligero y port\u00e1til para poder usarlo uno mismo. ofrecen directa percusi\u00f3n atravesando todas las capas del m\u00fasculo para sacar la tensi\u00f3n y relajarlo.<\/p>\n","protected":false},"featured_media":4557,"template":"","meta":{"_acf_changed":false,"content-type":""},"product_brand":[],"product_cat":[13255,13328,13327,13322,13252],"product_tag":[12544],"class_list":{"0":"post-30630","1":"product","2":"type-product","3":"status-publish","4":"has-post-thumbnail","6":"product_cat-marca","7":"product_cat-thumper","8":"product_cat-masajeadores-percutores","9":"product_cat-masajes-y-bienestar","10":"product_cat-modalidades","11":"product_tag-thumper","13":"first","14":"onbackorder","15":"taxable","16":"shipping-taxable","17":"purchasable","18":"product-type-simple"},"acf":[],"_links":{"self":[{"href":"https:\/\/www.zannasalud.com\/tienda\/wp-json\/wp\/v2\/product\/30630","targetHints":{"allow":["GET"]}}],"collection":[{"href":"https:\/\/www.zannasalud.com\/tienda\/wp-json\/wp\/v2\/product"}],"about":[{"href":"https:\/\/www.zannasalud.com\/tienda\/wp-json\/wp\/v2\/types\/product"}],"wp:featuredmedia":[{"embeddable":true,"href":"https:\/\/www.zannasalud.com\/tienda\/wp-json\/wp\/v2\/media\/4557"}],"wp:attachment":[{"href":"https:\/\/www.zannasalud.com\/tienda\/wp-json\/wp\/v2\/media?parent=30630"}],"wp:term":[{"taxonomy":"product_brand","embeddable":true,"href":"https:\/\/www.zannasalud.com\/tienda\/wp-json\/wp\/v2\/product_brand?post=30630"},{"taxonomy":"product_cat","embeddable":true,"href":"https:\/\/www.zannasalud.com\/tienda\/wp-json\/wp\/v2\/product_cat?post=30630"},{"taxonomy":"product_tag","embeddable":true,"href":"https:\/\/www.zannasalud.com\/tienda\/wp-json\/wp\/v2\/product_tag?post=30630"}],"curies":[{"name":"wp","href":"https:\/\/api.w.org\/{rel}","templated":true}]}}