{"id":30608,"date":"2020-11-18T20:21:07","date_gmt":"2020-11-18T20:21:07","guid":{"rendered":"https:\/\/silver-louse-480719.hostingersite.com\/tienda\/producto\/criomasajeador-ice-up-ref-zafab111088\/"},"modified":"2025-04-04T14:30:36","modified_gmt":"2025-04-04T14:30:36","slug":"criomasajeador-ice-up-ref-zafab111088","status":"publish","type":"product","link":"https:\/\/www.zannasalud.com\/tienda\/producto\/criomasajeador-ice-up-ref-zafab111088\/","title":{"rendered":"CRIOMASAJEADOR &#8211; ICE  UP \u2122  REF. ZAFAB111088"},"content":{"rendered":"<p>\u00a1El enfriador de transporte port\u00e1til mantiene el Ice-Up Stick congelado hasta 12 horas! El dise\u00f1o a prueba de fugas mantiene seca su bolsa de deporte. Dise\u00f1o \u00fanico de tapa f\u00e1cil de abrir con las manos mojadas. Las pinzas de hielo patentadas permiten un rango completo de presi\u00f3n de masaje controlada. Sencillo y eficaz: \u00a1s\u00f3lo tienes que llenarlo, congelarlo y llevarlo a Ice en el acto! Incluye Ice-Up Stick y nevera aislada<\/p>\n","protected":false},"excerpt":{"rendered":"<p>Masajeador de hielo port\u00e1til<\/p>\n","protected":false},"featured_media":9621,"template":"","meta":{"_acf_changed":false,"content-type":""},"product_brand":[],"product_cat":[13255,13311,13252,13319,13314],"product_tag":[11858],"class_list":{"0":"post-30608","1":"product","2":"type-product","3":"status-publish","4":"has-post-thumbnail","6":"product_cat-marca","7":"product_cat-fabrication-enterpreses","8":"product_cat-modalidades","9":"product_cat-productos-crio","10":"product_cat-terapia-de-frio-y-calor","11":"product_tag-fabrication-enterpreses","13":"first","14":"instock","15":"taxable","16":"shipping-taxable","17":"purchasable","18":"product-type-simple"},"acf":[],"_links":{"self":[{"href":"https:\/\/www.zannasalud.com\/tienda\/wp-json\/wp\/v2\/product\/30608","targetHints":{"allow":["GET"]}}],"collection":[{"href":"https:\/\/www.zannasalud.com\/tienda\/wp-json\/wp\/v2\/product"}],"about":[{"href":"https:\/\/www.zannasalud.com\/tienda\/wp-json\/wp\/v2\/types\/product"}],"wp:featuredmedia":[{"embeddable":true,"href":"https:\/\/www.zannasalud.com\/tienda\/wp-json\/wp\/v2\/media\/9621"}],"wp:attachment":[{"href":"https:\/\/www.zannasalud.com\/tienda\/wp-json\/wp\/v2\/media?parent=30608"}],"wp:term":[{"taxonomy":"product_brand","embeddable":true,"href":"https:\/\/www.zannasalud.com\/tienda\/wp-json\/wp\/v2\/product_brand?post=30608"},{"taxonomy":"product_cat","embeddable":true,"href":"https:\/\/www.zannasalud.com\/tienda\/wp-json\/wp\/v2\/product_cat?post=30608"},{"taxonomy":"product_tag","embeddable":true,"href":"https:\/\/www.zannasalud.com\/tienda\/wp-json\/wp\/v2\/product_tag?post=30608"}],"curies":[{"name":"wp","href":"https:\/\/api.w.org\/{rel}","templated":true}]}}