{"id":30584,"date":"2020-11-18T20:20:59","date_gmt":"2020-11-18T20:20:59","guid":{"rendered":"https:\/\/silver-louse-480719.hostingersite.com\/tienda\/producto\/piscina-hydro-pysio-fusion-free-standing\/"},"modified":"2025-04-04T14:30:35","modified_gmt":"2025-04-04T14:30:35","slug":"piscina-hydro-pysio-fusion-free-standing","status":"publish","type":"product","link":"https:\/\/www.zannasalud.com\/tienda\/producto\/piscina-hydro-pysio-fusion-free-standing\/","title":{"rendered":"PISCINA HYDRO PYSIO FUSION FREE STANDING"},"content":{"rendered":"<p>La adici\u00f3n de una cinta independiente se expande dr\u00e1sticamente las funciones de una piscina, con lo jogging acu\u00e1tico al medio ambiente de la piscina. F\u00e1cil de sitio en profundidades de agua de 1,2 m (48 \u00ab) &#8211; 1,5 m (60\u00bb) estas cintas son fant\u00e1sticos para mejorar la condici\u00f3n f\u00edsica, la confianza y el bienestar. <\/p>\n","protected":false},"excerpt":{"rendered":"<p>FUSION independiente cintas de correr de la piscina se puede agregar a piscinas nuevas o existentes. <\/p>\n","protected":false},"featured_media":6813,"template":"","meta":{"_acf_changed":false,"content-type":""},"product_brand":[],"product_cat":[13299,13255,13303,13252,13302],"product_tag":[12520],"class_list":{"0":"post-30584","1":"product","2":"type-product","3":"status-publish","4":"has-post-thumbnail","6":"product_cat-hydroterapia","7":"product_cat-marca","8":"product_cat-hydro-physio","9":"product_cat-modalidades","10":"product_cat-piscinas-portatiles-de-ultima-generacion","11":"product_tag-hydro-pysio","13":"first","14":"onbackorder","15":"taxable","16":"shipping-taxable","17":"purchasable","18":"product-type-simple"},"acf":[],"_links":{"self":[{"href":"https:\/\/www.zannasalud.com\/tienda\/wp-json\/wp\/v2\/product\/30584","targetHints":{"allow":["GET"]}}],"collection":[{"href":"https:\/\/www.zannasalud.com\/tienda\/wp-json\/wp\/v2\/product"}],"about":[{"href":"https:\/\/www.zannasalud.com\/tienda\/wp-json\/wp\/v2\/types\/product"}],"wp:featuredmedia":[{"embeddable":true,"href":"https:\/\/www.zannasalud.com\/tienda\/wp-json\/wp\/v2\/media\/6813"}],"wp:attachment":[{"href":"https:\/\/www.zannasalud.com\/tienda\/wp-json\/wp\/v2\/media?parent=30584"}],"wp:term":[{"taxonomy":"product_brand","embeddable":true,"href":"https:\/\/www.zannasalud.com\/tienda\/wp-json\/wp\/v2\/product_brand?post=30584"},{"taxonomy":"product_cat","embeddable":true,"href":"https:\/\/www.zannasalud.com\/tienda\/wp-json\/wp\/v2\/product_cat?post=30584"},{"taxonomy":"product_tag","embeddable":true,"href":"https:\/\/www.zannasalud.com\/tienda\/wp-json\/wp\/v2\/product_tag?post=30584"}],"curies":[{"name":"wp","href":"https:\/\/api.w.org\/{rel}","templated":true}]}}