{"id":30471,"date":"2020-11-18T20:20:15","date_gmt":"2020-11-18T20:20:15","guid":{"rendered":"https:\/\/silver-louse-480719.hostingersite.com\/tienda\/producto\/aquaflex-ultrasonido-gel-pad\/"},"modified":"2025-04-04T14:30:34","modified_gmt":"2025-04-04T14:30:34","slug":"aquaflex-ultrasonido-gel-pad","status":"publish","type":"product","link":"https:\/\/www.zannasalud.com\/tienda\/producto\/aquaflex-ultrasonido-gel-pad\/","title":{"rendered":"AQUAFLEX ULTRASONIDO \u00ae GEL PAD"},"content":{"rendered":"<p>Acuoso, flexible y desechable.<br \/>\nAmortigua las zonas sensibles para un escaneo c\u00f3modo. Ideal para tratar dedos, manos y zonas \u00f3seas.<br \/>\nNo requiere gel adicional, excepto durante procedimientos prolongados.<br \/>\nSolo requiere una presi\u00f3n suave y uniforme. La almohadilla transl\u00facida permite la visualizaci\u00f3n de estructuras superficiales.<br \/>\nElimina el riesgo de contaminaci\u00f3n cruzada y la necesidad de esterilizaci\u00f3n.<br \/>\nNo requiere limpieza.<br \/>\nBacteriost\u00e1tico e hipoalerg\u00e9nico.<br \/>\nCada almohadilla mide 3\/4&#8243; de grosor por 3-3\/4&#8243; de di\u00e1metro (19 mm x 8,9 cm).<\/p>\n","protected":false},"excerpt":{"rendered":"<p>Almohadilla m\u00e9dica acuosa desechable.<\/p>\n","protected":false},"featured_media":9462,"template":"","meta":{"_acf_changed":false,"content-type":""},"product_brand":[],"product_cat":[13253,13255,13276,13252,13267],"product_tag":[11849],"class_list":{"0":"post-30471","1":"product","2":"type-product","3":"status-publish","4":"has-post-thumbnail","6":"product_cat-electroterapia-ultrasonidos-accesorios-laser-diaterma-microondas-onda-corta-estim-magnet","7":"product_cat-marca","8":"product_cat-north-coast","9":"product_cat-modalidades","10":"product_cat-accesorios","11":"product_tag-north-coast","13":"first","14":"instock","15":"shipping-taxable","16":"purchasable","17":"product-type-simple"},"acf":[],"_links":{"self":[{"href":"https:\/\/www.zannasalud.com\/tienda\/wp-json\/wp\/v2\/product\/30471","targetHints":{"allow":["GET"]}}],"collection":[{"href":"https:\/\/www.zannasalud.com\/tienda\/wp-json\/wp\/v2\/product"}],"about":[{"href":"https:\/\/www.zannasalud.com\/tienda\/wp-json\/wp\/v2\/types\/product"}],"wp:featuredmedia":[{"embeddable":true,"href":"https:\/\/www.zannasalud.com\/tienda\/wp-json\/wp\/v2\/media\/9462"}],"wp:attachment":[{"href":"https:\/\/www.zannasalud.com\/tienda\/wp-json\/wp\/v2\/media?parent=30471"}],"wp:term":[{"taxonomy":"product_brand","embeddable":true,"href":"https:\/\/www.zannasalud.com\/tienda\/wp-json\/wp\/v2\/product_brand?post=30471"},{"taxonomy":"product_cat","embeddable":true,"href":"https:\/\/www.zannasalud.com\/tienda\/wp-json\/wp\/v2\/product_cat?post=30471"},{"taxonomy":"product_tag","embeddable":true,"href":"https:\/\/www.zannasalud.com\/tienda\/wp-json\/wp\/v2\/product_tag?post=30471"}],"curies":[{"name":"wp","href":"https:\/\/api.w.org\/{rel}","templated":true}]}}