{"id":30462,"date":"2020-11-18T20:20:15","date_gmt":"2020-11-18T20:20:15","guid":{"rendered":"https:\/\/silver-louse-480719.hostingersite.com\/tienda\/producto\/electroestimulador-profesional-intensity-ex4\/"},"modified":"2025-04-04T14:30:33","modified_gmt":"2025-04-04T14:30:33","slug":"electroestimulador-profesional-intensity-ex4","status":"publish","type":"product","link":"https:\/\/www.zannasalud.com\/tienda\/producto\/electroestimulador-profesional-intensity-ex4\/","title":{"rendered":"ULTRASONIDO COMBOCARE CLINICAL\/EMS"},"content":{"rendered":"<p>El ComboCare\u00ae es un dispositivo profesional de dos canales que combina la terapia de ultrasonido cl\u00ednico con cinco formas de onda de tratamiento de electroterapia: IFC, Premod, Russian, EMS y TENS. Su avanzado sistema operativo garantiza una gama completa de terapias.<br \/>\nEl gran panel LCD de f\u00e1cil lectura permite al m\u00e9dico establecer r\u00e1pidamente los par\u00e1metros del tratamiento. Un aplicador de doble frecuencia de 5 cm\u00b2 viene de serie con el dispositivo. Su dise\u00f1o port\u00e1til le permite llevarlo a su paciente o guardarlo en la cl\u00ednica. Es f\u00e1cil de usar y est\u00e1 en funcionamiento en cuesti\u00f3n de minutos.<br \/>\nTerapia port\u00e1til: proporciona ultrasonido y e-stim simult\u00e1neamente, ideal para la cl\u00ednica o sobre la marcha<br \/>\nDos canales de salida de estimulaci\u00f3n el\u00e9ctrica<br \/>\nGran pantalla LCD gr\u00e1fica f\u00e1cil de leer con un rendimiento exacto del dial y temporizador programable<br \/>\nEl ultrasonido tiene selecciones de ciclo de trabajo del 10 % al 100 %<br \/>\n10 presets por forma de onda<br \/>\n20 preajustes de ultrasonido<br \/>\nVarias opciones diferentes de modulaci\u00f3n de amplitud<br \/>\nLos modos interferencial y premodulado ofrecen modulaci\u00f3n de frecuencia, as\u00ed como una opci\u00f3n de frecuencia est\u00e1tica<br \/>\nPosiciones de memoria definidas por el usuario para protocolos de usuario<br \/>\nDise\u00f1ado para uso de mesa, carro terap\u00e9utico o m\u00f3vil<br \/>\nIncluye un aplicador de 5 cm\u00b2, dos juegos de electrodos, dos juegos de electrodos de goma con esponjas, un conector de cable, dos correas el\u00e1sticas, dos juegos de cables conductores, un cable conductor de terapia combinada, un cable de alimentaci\u00f3n y un manual de instrucciones<br \/>\nGarant\u00eda de dos a\u00f1os<\/p>\n","protected":false},"excerpt":{"rendered":"<p>Dispositivo profesional dos canales terapia ultrasonido  y electroestimulaci\u00f3n<\/p>\n","protected":false},"featured_media":9429,"template":"","meta":{"_acf_changed":false,"content-type":""},"product_brand":[],"product_cat":[13253,13255,13271,13252,13270],"product_tag":[12371],"class_list":{"0":"post-30462","1":"product","2":"type-product","3":"status-publish","4":"has-post-thumbnail","6":"product_cat-electroterapia-ultrasonidos-accesorios-laser-diaterma-microondas-onda-corta-estim-magnet","7":"product_cat-marca","8":"product_cat-roscoe-medical","9":"product_cat-modalidades","10":"product_cat-ultrasonido-profesional","11":"product_tag-roscoe-medical","13":"first","14":"onbackorder","15":"taxable","16":"shipping-taxable","17":"purchasable","18":"product-type-simple"},"acf":[],"_links":{"self":[{"href":"https:\/\/www.zannasalud.com\/tienda\/wp-json\/wp\/v2\/product\/30462","targetHints":{"allow":["GET"]}}],"collection":[{"href":"https:\/\/www.zannasalud.com\/tienda\/wp-json\/wp\/v2\/product"}],"about":[{"href":"https:\/\/www.zannasalud.com\/tienda\/wp-json\/wp\/v2\/types\/product"}],"wp:featuredmedia":[{"embeddable":true,"href":"https:\/\/www.zannasalud.com\/tienda\/wp-json\/wp\/v2\/media\/9429"}],"wp:attachment":[{"href":"https:\/\/www.zannasalud.com\/tienda\/wp-json\/wp\/v2\/media?parent=30462"}],"wp:term":[{"taxonomy":"product_brand","embeddable":true,"href":"https:\/\/www.zannasalud.com\/tienda\/wp-json\/wp\/v2\/product_brand?post=30462"},{"taxonomy":"product_cat","embeddable":true,"href":"https:\/\/www.zannasalud.com\/tienda\/wp-json\/wp\/v2\/product_cat?post=30462"},{"taxonomy":"product_tag","embeddable":true,"href":"https:\/\/www.zannasalud.com\/tienda\/wp-json\/wp\/v2\/product_tag?post=30462"}],"curies":[{"name":"wp","href":"https:\/\/api.w.org\/{rel}","templated":true}]}}