{"id":30444,"date":"2020-11-18T20:20:07","date_gmt":"2020-11-18T20:20:07","guid":{"rendered":"https:\/\/silver-louse-480719.hostingersite.com\/tienda\/producto\/electroestimulador-if-4000-analog-interferential\/"},"modified":"2024-04-08T19:02:57","modified_gmt":"2024-04-08T19:02:57","slug":"electroestimulador-if-4000-analog-interferential","status":"publish","type":"product","link":"https:\/\/www.zannasalud.com\/tienda\/producto\/electroestimulador-if-4000-analog-interferential\/","title":{"rendered":"ELECTROESTIMULADOR IF 4000 &#8211; ANALOG INTERFERENTIAL"},"content":{"rendered":"<div id=\"goog-gt-tt\" class=\"skiptranslate\" dir=\"ltr\">\n<div style=\"padding: 8px;\">. La terapia interferencial se utiliza en \u00e1reas muy localizadas donde se necesita una corriente profunda para controlar el dolor o aumentar la circulaci\u00f3n. La unidad viene completa con el dispositivo, adaptador de CA, cables de plomo, cuatro electrodos reutilizables autoadhesivos, bater\u00eda de 9 voltios, malet\u00edn de transporte y manual Forma de onda: Symmertrical Bi-Phasic square Frecuencia de la portadora: 4000 Hz Frecuencia de Interfaz: 400 1-4150 Hz Diferencia Frecuencia: 1-150 Hz ajustable Voltaje de salida: 0-16 voltios (a trav\u00e9s de 500 ohmios) Ancho de pulso: 125 microsegundos para cada fase Cambio de cuatro frecuencias: Continuo 1\/1 abrupto, 8.8 abrupto, 10\/10 rampa<\/p>\n<div><\/div>\n<\/div>\n<\/div>\n<div class=\"goog-te-spinner-pos\">\n<div class=\"goog-te-spinner-animation\"><\/div>\n<\/div>\n","protected":false},"excerpt":{"rendered":"<p>El IF-4000 ayuda a controlar el dolor y acelera el proceso de curaci\u00f3n mediante la entrega de peque\u00f1os impulsos de corriente el\u00e9ctrica a una lesi\u00f3n a trav\u00e9s de electrodos que pasan por la corriente de la piel y estimula los nervios subyacentes produciendo una leve sensaci\u00f3n de hormigueo para proporcionar alivio de dolor cr\u00f3nico y agudo<\/p>\n","protected":false},"featured_media":0,"template":"","meta":{"_acf_changed":false,"content-type":""},"product_brand":[],"product_cat":[13259,13253,13255,13271,13252],"product_tag":[12371],"class_list":{"0":"post-30444","1":"product","2":"type-product","3":"status-publish","5":"product_cat-electroestimulacion-portatil","6":"product_cat-electroterapia-ultrasonidos-accesorios-laser-diaterma-microondas-onda-corta-estim-magnet","7":"product_cat-marca","8":"product_cat-roscoe-medical","9":"product_cat-modalidades","10":"product_tag-roscoe-medical","12":"first","13":"onbackorder","14":"taxable","15":"shipping-taxable","16":"purchasable","17":"product-type-simple"},"acf":[],"_links":{"self":[{"href":"https:\/\/www.zannasalud.com\/tienda\/wp-json\/wp\/v2\/product\/30444","targetHints":{"allow":["GET"]}}],"collection":[{"href":"https:\/\/www.zannasalud.com\/tienda\/wp-json\/wp\/v2\/product"}],"about":[{"href":"https:\/\/www.zannasalud.com\/tienda\/wp-json\/wp\/v2\/types\/product"}],"wp:attachment":[{"href":"https:\/\/www.zannasalud.com\/tienda\/wp-json\/wp\/v2\/media?parent=30444"}],"wp:term":[{"taxonomy":"product_brand","embeddable":true,"href":"https:\/\/www.zannasalud.com\/tienda\/wp-json\/wp\/v2\/product_brand?post=30444"},{"taxonomy":"product_cat","embeddable":true,"href":"https:\/\/www.zannasalud.com\/tienda\/wp-json\/wp\/v2\/product_cat?post=30444"},{"taxonomy":"product_tag","embeddable":true,"href":"https:\/\/www.zannasalud.com\/tienda\/wp-json\/wp\/v2\/product_tag?post=30444"}],"curies":[{"name":"wp","href":"https:\/\/api.w.org\/{rel}","templated":true}]}}