{"id":30438,"date":"2020-11-18T20:19:58","date_gmt":"2020-11-18T20:19:58","guid":{"rendered":"https:\/\/silver-louse-480719.hostingersite.com\/tienda\/producto\/electroestimulador-intensity-12\/"},"modified":"2025-04-04T14:30:31","modified_gmt":"2025-04-04T14:30:31","slug":"electroestimulador-intensity-12","status":"publish","type":"product","link":"https:\/\/www.zannasalud.com\/tienda\/producto\/electroestimulador-intensity-12\/","title":{"rendered":"ELECTROESTIMULADOR  INTENSITY 12"},"content":{"rendered":"<p>El InTENSity 12 es el est\u00e1ndar m\u00e1s nuevo en electroterapia port\u00e1til que ofrece a los pacientes lo \u00faltimo en opciones de tratamiento y programas de estimulaci\u00f3n en un dise\u00f1o ergon\u00f3mico y f\u00e1cil de usar.<\/p>\n<p>Equipado con ajustes espec\u00edficos preestablecidos para las partes del cuerpo, as\u00ed como con una opci\u00f3n personalizable, el InTENSity 12 gu\u00eda intuitivamente al paciente paso a paso para garantizar el tratamiento terap\u00e9utico ideal.<\/p>\n<p>Esta unidad TENS altamente personalizable tiene modos para llegar a la mayor\u00eda de los dolores recurrentes y cr\u00f3nicos. A los pacientes les encantar\u00e1 la comodidad de la potente bater\u00eda recargable de iones de litio. Ll\u00e9valo al trabajo, \u00fasalo en casa o mientras viajas.<br \/>\n2 canales de salida de estimulaci\u00f3n independiente<br \/>\n6 configuraciones espec\u00edficas de partes del cuerpo (cuello, hombros, manos, espalda baja, rodillas, pies), cada una equipada con dos (2) programas preestablecidos y una (1) configuraci\u00f3n personalizada manual: 18 configuraciones de programa en total<br \/>\nBater\u00eda recargable de iones de litio con cargador USB\/de pared y luz indicadora de carga LED<br \/>\nIndicador de bater\u00eda baja<br \/>\nIndicador de carga de electrodos<br \/>\n4 modos de estimulaci\u00f3n:<br \/>\nContinuo<br \/>\nModulaci\u00f3n de ancho de pulso<br \/>\nModulaci\u00f3n de la frecuencia del pulso<br \/>\nModulaci\u00f3n combinada (modulaci\u00f3n de frecuencia de pulso y ancho)<br \/>\nTiempo de tratamiento preestablecido y ajustable<br \/>\nMedidor de cumplimiento: almacene hasta 90 juegos de registros de tratamiento y un tiempo total de tratamiento de 100 horas<br \/>\nDise\u00f1o elegante y f\u00e1cil de usar<br \/>\nGran pantalla LCD f\u00e1cil de leer y controles convenientes y f\u00e1ciles de usar<br \/>\nEl kit completo incluye dispositivo, paquete de 4 electrodos InTENSity, par de cables conductores, bater\u00eda de iones de litio, cargador de pared\/USB, clip para cintur\u00f3n, manual de instrucciones, gu\u00eda de inicio r\u00e1pido y estuche de transporte<br \/>\n1 a\u00f1o de garant\u00eda<\/p>\n","protected":false},"excerpt":{"rendered":"<p>InTENSity 12: dispositivo de electroterapia con pantalla LCD y controles f\u00e1ciles de usar<\/p>\n","protected":false},"featured_media":6718,"template":"","meta":{"_acf_changed":false,"content-type":""},"product_brand":[],"product_cat":[13259,13253,13255,13271,13252],"product_tag":[12371],"class_list":{"0":"post-30438","1":"product","2":"type-product","3":"status-publish","4":"has-post-thumbnail","6":"product_cat-electroestimulacion-portatil","7":"product_cat-electroterapia-ultrasonidos-accesorios-laser-diaterma-microondas-onda-corta-estim-magnet","8":"product_cat-marca","9":"product_cat-roscoe-medical","10":"product_cat-modalidades","11":"product_tag-roscoe-medical","13":"first","14":"onbackorder","15":"taxable","16":"shipping-taxable","17":"purchasable","18":"product-type-simple"},"acf":[],"_links":{"self":[{"href":"https:\/\/www.zannasalud.com\/tienda\/wp-json\/wp\/v2\/product\/30438","targetHints":{"allow":["GET"]}}],"collection":[{"href":"https:\/\/www.zannasalud.com\/tienda\/wp-json\/wp\/v2\/product"}],"about":[{"href":"https:\/\/www.zannasalud.com\/tienda\/wp-json\/wp\/v2\/types\/product"}],"wp:featuredmedia":[{"embeddable":true,"href":"https:\/\/www.zannasalud.com\/tienda\/wp-json\/wp\/v2\/media\/6718"}],"wp:attachment":[{"href":"https:\/\/www.zannasalud.com\/tienda\/wp-json\/wp\/v2\/media?parent=30438"}],"wp:term":[{"taxonomy":"product_brand","embeddable":true,"href":"https:\/\/www.zannasalud.com\/tienda\/wp-json\/wp\/v2\/product_brand?post=30438"},{"taxonomy":"product_cat","embeddable":true,"href":"https:\/\/www.zannasalud.com\/tienda\/wp-json\/wp\/v2\/product_cat?post=30438"},{"taxonomy":"product_tag","embeddable":true,"href":"https:\/\/www.zannasalud.com\/tienda\/wp-json\/wp\/v2\/product_tag?post=30438"}],"curies":[{"name":"wp","href":"https:\/\/api.w.org\/{rel}","templated":true}]}}