{"id":30425,"date":"2020-11-18T20:19:58","date_gmt":"2020-11-18T20:19:58","guid":{"rendered":"https:\/\/silver-louse-480719.hostingersite.com\/tienda\/producto\/ultrasonido-institucional-mettler-sonicator-740\/"},"modified":"2025-04-17T01:52:38","modified_gmt":"2025-04-17T01:52:38","slug":"ultrasonido-institucional-mettler-sonicator-740","status":"publish","type":"product","link":"https:\/\/www.zannasalud.com\/tienda\/producto\/ultrasonido-institucional-mettler-sonicator-740\/","title":{"rendered":"ULTRASONIDO INSTITUCIONAL METTLER SONICATOR"},"content":{"rendered":"<div id=\"goog-gt-tt\" class=\"skiptranslate\" dir=\"ltr\">\n<div style=\"padding: 8px;\">El Sonicator 740 es una unidad de ultrasonido terap\u00e9utico de 1 y 3 MHz que viene con un aplicador de doble frecuencia de 5 cm_. Es liviano y port\u00e1til y cuenta con un cable aplicador universal para que el cambio de aplicadores sea r\u00e1pido y f\u00e1cil.<\/p>\n<div><\/div>\n<\/div>\n<\/div>\n<div class=\"goog-te-spinner-pos\">\n<div class=\"goog-te-spinner-animation\"><\/div>\n<\/div>\n","protected":false},"excerpt":{"rendered":"<p>Unidad port\u00e1til de ultrasonido terap\u00e9utico con aplicador dual de 5 cm.<\/p>\n","protected":false},"featured_media":6693,"template":"","meta":{"_acf_changed":false,"content-type":""},"product_brand":[],"product_cat":[13253,13255,13256,13252,13270],"product_tag":[14017,13743,11670,14020,14018,14021,13932,14022,14015,14019,14016],"class_list":{"0":"post-30425","1":"product","2":"type-product","3":"status-publish","4":"has-post-thumbnail","6":"product_cat-electroterapia-ultrasonidos-accesorios-laser-diaterma-microondas-onda-corta-estim-magnet","7":"product_cat-marca","8":"product_cat-mettler-electronics","9":"product_cat-modalidades","10":"product_cat-ultrasonido-profesional","11":"product_tag-fisioterapia","12":"product_tag-lesiones","13":"product_tag-mettler-electronics","14":"product_tag-musculos","15":"product_tag-profundidad","16":"product_tag-recuperacion","17":"product_tag-rehabilitacion","18":"product_tag-terapeutico","19":"product_tag-terapia","20":"product_tag-tratamiento","21":"product_tag-ultrasonido","23":"first","24":"instock","25":"taxable","26":"shipping-taxable","27":"purchasable","28":"product-type-variable"},"acf":[],"_links":{"self":[{"href":"https:\/\/www.zannasalud.com\/tienda\/wp-json\/wp\/v2\/product\/30425","targetHints":{"allow":["GET"]}}],"collection":[{"href":"https:\/\/www.zannasalud.com\/tienda\/wp-json\/wp\/v2\/product"}],"about":[{"href":"https:\/\/www.zannasalud.com\/tienda\/wp-json\/wp\/v2\/types\/product"}],"wp:featuredmedia":[{"embeddable":true,"href":"https:\/\/www.zannasalud.com\/tienda\/wp-json\/wp\/v2\/media\/6693"}],"wp:attachment":[{"href":"https:\/\/www.zannasalud.com\/tienda\/wp-json\/wp\/v2\/media?parent=30425"}],"wp:term":[{"taxonomy":"product_brand","embeddable":true,"href":"https:\/\/www.zannasalud.com\/tienda\/wp-json\/wp\/v2\/product_brand?post=30425"},{"taxonomy":"product_cat","embeddable":true,"href":"https:\/\/www.zannasalud.com\/tienda\/wp-json\/wp\/v2\/product_cat?post=30425"},{"taxonomy":"product_tag","embeddable":true,"href":"https:\/\/www.zannasalud.com\/tienda\/wp-json\/wp\/v2\/product_tag?post=30425"}],"curies":[{"name":"wp","href":"https:\/\/api.w.org\/{rel}","templated":true}]}}