{"id":30423,"date":"2020-11-18T20:19:58","date_gmt":"2020-11-18T20:19:58","guid":{"rendered":"https:\/\/silver-louse-480719.hostingersite.com\/tienda\/producto\/ultrasonido-sonicator-mini-ultra-profesional-5-5cm2-1mhz\/"},"modified":"2024-04-08T19:02:51","modified_gmt":"2024-04-08T19:02:51","slug":"ultrasonido-sonicator-mini-ultra-profesional-5-5cm2-1mhz","status":"publish","type":"product","link":"https:\/\/www.zannasalud.com\/tienda\/producto\/ultrasonido-sonicator-mini-ultra-profesional-5-5cm2-1mhz\/","title":{"rendered":"ULTRASONIDO SONICATOR MINI ULTRA-PROFESIONAL (5.5CM2, 1MHZ)"},"content":{"rendered":"<div id=\"goog-gt-tt\" class=\"skiptranslate\" dir=\"ltr\">\n<div style=\"padding: 8px;\">Incluye un paquete opcional de bater\u00eda de ion de litio recargable que le permite llevar la terapia a cualquier lugar que desee. Los controles grandes y suaves al tacto hacen que los tratamientos se configuren de manera r\u00e1pida y sencilla gracias a la pantalla iluminada que muestra todos los par\u00e1metros de tratamiento y sus condiciones.<br \/>\nPeso: 1,7 kg sin bater\u00eda. 2 kg con bater\u00eda.<br \/>\nDimensiones: 34 cm (largo) x 24 cm (ancho) x 18 cm (alto)<br \/>\nGarant\u00eda: 2 a\u00f1os, 1 a\u00f1o para los aplicadores.<\/p>\n<div><\/div>\n<\/div>\n<\/div>\n<div class=\"goog-te-spinner-pos\">\n<div class=\"goog-te-spinner-animation\"><\/div>\n<\/div>\n","protected":false},"excerpt":{"rendered":"<p>El Sonicator\u00ae 740 es un equipo liviano y port\u00e1til que incluye un cable universal para aplicadores para que el cambio de aplicadores sea una tarea r\u00e1pida y sencilla.<\/p>\n","protected":false},"featured_media":6689,"template":"","meta":{"_acf_changed":false,"content-type":""},"product_brand":[],"product_cat":[13253,13255,13256,13252,13270],"product_tag":[11670],"class_list":{"0":"post-30423","1":"product","2":"type-product","3":"status-publish","4":"has-post-thumbnail","6":"product_cat-electroterapia-ultrasonidos-accesorios-laser-diaterma-microondas-onda-corta-estim-magnet","7":"product_cat-marca","8":"product_cat-mettler-electronics","9":"product_cat-modalidades","10":"product_cat-ultrasonido-profesional","11":"product_tag-mettler-electronics","13":"first","14":"onbackorder","15":"taxable","16":"shipping-taxable","17":"purchasable","18":"product-type-simple"},"acf":[],"_links":{"self":[{"href":"https:\/\/www.zannasalud.com\/tienda\/wp-json\/wp\/v2\/product\/30423","targetHints":{"allow":["GET"]}}],"collection":[{"href":"https:\/\/www.zannasalud.com\/tienda\/wp-json\/wp\/v2\/product"}],"about":[{"href":"https:\/\/www.zannasalud.com\/tienda\/wp-json\/wp\/v2\/types\/product"}],"wp:featuredmedia":[{"embeddable":true,"href":"https:\/\/www.zannasalud.com\/tienda\/wp-json\/wp\/v2\/media\/6689"}],"wp:attachment":[{"href":"https:\/\/www.zannasalud.com\/tienda\/wp-json\/wp\/v2\/media?parent=30423"}],"wp:term":[{"taxonomy":"product_brand","embeddable":true,"href":"https:\/\/www.zannasalud.com\/tienda\/wp-json\/wp\/v2\/product_brand?post=30423"},{"taxonomy":"product_cat","embeddable":true,"href":"https:\/\/www.zannasalud.com\/tienda\/wp-json\/wp\/v2\/product_cat?post=30423"},{"taxonomy":"product_tag","embeddable":true,"href":"https:\/\/www.zannasalud.com\/tienda\/wp-json\/wp\/v2\/product_tag?post=30423"}],"curies":[{"name":"wp","href":"https:\/\/api.w.org\/{rel}","templated":true}]}}